{"id":11065,"date":"2025-12-22T14:16:35","date_gmt":"2025-12-22T19:16:35","guid":{"rendered":"https:\/\/xn--uascoquetas-1db.co\/?page_id=11065"},"modified":"2025-12-22T14:19:43","modified_gmt":"2025-12-22T19:19:43","slug":"catalogo-de-placas","status":"publish","type":"page","link":"https:\/\/xn--uascoquetas-1db.co\/?page_id=11065","title":{"rendered":"Cat\u00e1logo de placas"},"content":{"rendered":"\n<div class=\"wp-block-uagb-container uagb-block-ed80ff58 alignfull uagb-is-root-container\"><div class=\"uagb-container-inner-blocks-wrap\"><form role=\"search\" method=\"get\" action=\"https:\/\/xn--uascoquetas-1db.co\/\" class=\"wp-block-search__button-outside wp-block-search__text-button wp-block-search\"    ><label class=\"wp-block-search__label\" for=\"wp-block-search__input-1\" >Si tienes un tema de placa espec\u00edfico, intenta encontrarlo en el buscador.<\/label><div class=\"wp-block-search__inside-wrapper\"  style=\"width: 100%\"><input class=\"wp-block-search__input\" id=\"wp-block-search__input-1\" placeholder=\"Buscar productos...\" value=\"\" type=\"search\" name=\"s\" required \/><input type=\"hidden\" name=\"post_type\" value=\"product\" \/><button aria-label=\"Buscar\" class=\"wp-block-search__button wp-element-button\" type=\"submit\" >Buscar<\/button><\/div><\/form>\n\n\n<p>Selecciona cualquiera de las marcas que te compartimos a continuaci\u00f3n, para ver todos los motivos disponibles para escoger.<\/p>\n\n\n\n<p><\/p>\n<\/div><\/div>\n\n\n\n<div class=\"wp-block-uagb-container uagb-block-4ff51817 alignfull uagb-is-root-container\"><div class=\"uagb-container-inner-blocks-wrap\">\n<div class=\"wp-block-uagb-container uagb-block-ae520c45\">\n<div class=\"wp-block-uagb-image uagb-block-148e2b8c wp-block-uagb-image--layout-default wp-block-uagb-image--effect-zoomin wp-block-uagb-image--align-none\"><figure class=\"wp-block-uagb-image__figure\"><a class=\"\" href=\"https:\/\/xn--uascoquetas-1db.co\/?product_cat=unas-coquetas\" target=\"\" rel=\"noopener\"><img decoding=\"async\" srcset=\"https:\/\/xn--uascoquetas-1db.co\/wp-content\/uploads\/2024\/04\/Unas-Coquetas.png ,https:\/\/xn--uascoquetas-1db.co\/wp-content\/uploads\/2024\/04\/Unas-Coquetas.png 780w, https:\/\/xn--uascoquetas-1db.co\/wp-content\/uploads\/2024\/04\/Unas-Coquetas.png 360w\" sizes=\"auto, (max-width: 480px) 150px\" src=\"https:\/\/xn--uascoquetas-1db.co\/wp-content\/uploads\/2024\/04\/Unas-Coquetas.png\" alt=\"\" class=\"uag-image-7760\" width=\"769\" height=\"1024\" title=\"Unas-Coquetas\" loading=\"lazy\" role=\"img\"\/><\/a><\/figure><\/div>\n<\/div>\n\n\n\n<div class=\"wp-block-uagb-container uagb-block-e652e3f7\">\n<div class=\"wp-block-uagb-image uagb-block-aa2fe6a7 wp-block-uagb-image--layout-default wp-block-uagb-image--effect-zoomin wp-block-uagb-image--align-none\"><figure class=\"wp-block-uagb-image__figure\"><a class=\"\" href=\"https:\/\/xn--uascoquetas-1db.co\/?product_cat=duniverse-colors\" target=\"\" rel=\"noopener\"><img decoding=\"async\" srcset=\"https:\/\/xn--uascoquetas-1db.co\/wp-content\/uploads\/2025\/12\/Duniverse.png ,https:\/\/xn--uascoquetas-1db.co\/wp-content\/uploads\/2025\/12\/Duniverse.png 780w, https:\/\/xn--uascoquetas-1db.co\/wp-content\/uploads\/2025\/12\/Duniverse.png 360w\" sizes=\"auto, (max-width: 480px) 150px\" src=\"https:\/\/xn--uascoquetas-1db.co\/wp-content\/uploads\/2025\/12\/Duniverse.png\" alt=\"\" class=\"uag-image-11068\" width=\"500\" height=\"500\" title=\"Duniverse\" loading=\"lazy\" role=\"img\"\/><\/a><\/figure><\/div>\n<\/div>\n\n\n\n<div class=\"wp-block-uagb-container uagb-block-8bab3103\">\n<div class=\"wp-block-uagb-image uagb-block-096a26cd wp-block-uagb-image--layout-default wp-block-uagb-image--effect-zoomin wp-block-uagb-image--align-none\"><figure class=\"wp-block-uagb-image__figure\"><a class=\"\" href=\"https:\/\/xn--uascoquetas-1db.co\/?product_cat=h-la-cosedora\" target=\"\" rel=\"noopener\"><img decoding=\"async\" srcset=\"https:\/\/xn--uascoquetas-1db.co\/wp-content\/uploads\/2024\/04\/HLAC.png ,https:\/\/xn--uascoquetas-1db.co\/wp-content\/uploads\/2024\/04\/HLAC.png 780w, https:\/\/xn--uascoquetas-1db.co\/wp-content\/uploads\/2024\/04\/HLAC.png 360w\" sizes=\"auto, (max-width: 480px) 150px\" src=\"https:\/\/xn--uascoquetas-1db.co\/wp-content\/uploads\/2024\/04\/HLAC.png\" alt=\"\" class=\"uag-image-7771\" width=\"500\" height=\"700\" title=\"HLAC\" loading=\"lazy\" role=\"img\"\/><\/a><\/figure><\/div>\n<\/div>\n\n\n\n<div class=\"wp-block-uagb-container uagb-block-0c816def\">\n<div class=\"wp-block-uagb-image uagb-block-8ebdb80e wp-block-uagb-image--layout-default wp-block-uagb-image--effect-zoomin wp-block-uagb-image--align-none\"><figure class=\"wp-block-uagb-image__figure\"><a class=\"\" href=\"https:\/\/xn--uascoquetas-1db.co\/?product_cat=gp-stamping\" target=\"\" rel=\"noopener\"><img decoding=\"async\" srcset=\"https:\/\/xn--uascoquetas-1db.co\/wp-content\/uploads\/2024\/04\/GP-STAMPING.png ,https:\/\/xn--uascoquetas-1db.co\/wp-content\/uploads\/2024\/04\/GP-STAMPING.png 780w, https:\/\/xn--uascoquetas-1db.co\/wp-content\/uploads\/2024\/04\/GP-STAMPING.png 360w\" sizes=\"auto, (max-width: 480px) 150px\" src=\"https:\/\/xn--uascoquetas-1db.co\/wp-content\/uploads\/2024\/04\/GP-STAMPING.png\" alt=\"\" class=\"uag-image-7772\" width=\"500\" height=\"700\" title=\"GP-STAMPING\" loading=\"lazy\" role=\"img\"\/><\/a><\/figure><\/div>\n<\/div>\n\n\n\n<div class=\"wp-block-uagb-container uagb-block-9a16df99\">\n<div class=\"wp-block-uagb-image uagb-block-93b92b48 wp-block-uagb-image--layout-default wp-block-uagb-image--effect-zoomin wp-block-uagb-image--align-none\"><figure class=\"wp-block-uagb-image__figure\"><a class=\"\" href=\"https:\/\/xn--uascoquetas-1db.co\/?product_cat=mundo-de-unas\" target=\"\" rel=\"noopener\"><img decoding=\"async\" srcset=\"https:\/\/xn--uascoquetas-1db.co\/wp-content\/uploads\/2024\/04\/Mundo-de-unas.png ,https:\/\/xn--uascoquetas-1db.co\/wp-content\/uploads\/2024\/04\/Mundo-de-unas.png 780w, https:\/\/xn--uascoquetas-1db.co\/wp-content\/uploads\/2024\/04\/Mundo-de-unas.png 360w\" sizes=\"auto, (max-width: 480px) 150px\" src=\"https:\/\/xn--uascoquetas-1db.co\/wp-content\/uploads\/2024\/04\/Mundo-de-unas.png\" alt=\"\" class=\"uag-image-7773\" width=\"500\" height=\"700\" title=\"Mundo-de-unas\" loading=\"lazy\" role=\"img\"\/><\/a><\/figure><\/div>\n<\/div>\n\n\n\n<div class=\"wp-block-uagb-container uagb-block-6a744be3\">\n<div class=\"wp-block-uagb-image uagb-block-89231650 wp-block-uagb-image--layout-default wp-block-uagb-image--effect-zoomin wp-block-uagb-image--align-none\"><figure class=\"wp-block-uagb-image__figure\"><a class=\"\" href=\"https:\/\/xn--uascoquetas-1db.co\/?product_cat=magenta\" target=\"\" rel=\"noopener\"><img decoding=\"async\" srcset=\"https:\/\/xn--uascoquetas-1db.co\/wp-content\/uploads\/2024\/04\/Magenta.png ,https:\/\/xn--uascoquetas-1db.co\/wp-content\/uploads\/2024\/04\/Magenta.png 780w, https:\/\/xn--uascoquetas-1db.co\/wp-content\/uploads\/2024\/04\/Magenta.png 360w\" sizes=\"auto, (max-width: 480px) 150px\" src=\"https:\/\/xn--uascoquetas-1db.co\/wp-content\/uploads\/2024\/04\/Magenta.png\" alt=\"\" class=\"uag-image-7763\" width=\"500\" height=\"700\" title=\"Magenta\" loading=\"lazy\" role=\"img\"\/><\/a><\/figure><\/div>\n<\/div>\n<\/div><\/div>\n\n\n\n<p><\/p>\n\n\n\n<div class=\"wp-block-uagb-container uagb-block-aa5523c2 alignfull uagb-is-root-container\"><div class=\"uagb-container-inner-blocks-wrap\">\n<div class=\"wp-block-uagb-container uagb-block-13003dae\">\n<div class=\"wp-block-uagb-image uagb-block-d1891915 wp-block-uagb-image--layout-default wp-block-uagb-image--effect-zoomin wp-block-uagb-image--align-none\"><figure class=\"wp-block-uagb-image__figure\"><a class=\"\" href=\"https:\/\/xn--uascoquetas-1db.co\/?product_cat=plasticas\" target=\"\" rel=\"noopener\"><img decoding=\"async\" srcset=\"https:\/\/xn--uascoquetas-1db.co\/wp-content\/uploads\/2024\/04\/Plasticas.png ,https:\/\/xn--uascoquetas-1db.co\/wp-content\/uploads\/2024\/04\/Plasticas.png 780w, https:\/\/xn--uascoquetas-1db.co\/wp-content\/uploads\/2024\/04\/Plasticas.png 360w\" sizes=\"auto, (max-width: 480px) 150px\" src=\"https:\/\/xn--uascoquetas-1db.co\/wp-content\/uploads\/2024\/04\/Plasticas.png\" alt=\"\" class=\"uag-image-7774\" width=\"500\" height=\"700\" title=\"Plasticas\" loading=\"lazy\" role=\"img\"\/><\/a><\/figure><\/div>\n<\/div>\n\n\n\n<div class=\"wp-block-uagb-container uagb-block-3e69cb5e\">\n<figure class=\"wp-block-image size-full\"><a href=\"https:\/\/xn--uascoquetas-1db.co\/?product_cat=extranjeras\"><img loading=\"lazy\" decoding=\"async\" width=\"500\" height=\"700\" src=\"https:\/\/xn--uascoquetas-1db.co\/wp-content\/uploads\/2025\/12\/Extranjeras.png\" alt=\"\" class=\"wp-image-11066\" srcset=\"https:\/\/xn--uascoquetas-1db.co\/wp-content\/uploads\/2025\/12\/Extranjeras.png 500w, https:\/\/xn--uascoquetas-1db.co\/wp-content\/uploads\/2025\/12\/Extranjeras-214x300.png 214w\" sizes=\"auto, (max-width: 500px) 100vw, 500px\" \/><\/a><\/figure>\n<\/div>\n\n\n\n<div class=\"wp-block-uagb-container uagb-block-2c58bc50\"><\/div>\n<\/div><\/div>\n","protected":false},"excerpt":{"rendered":"<p>Selecciona cualquiera de las marcas que te compartimos a continuaci\u00f3n, para ver todos los motivos disponibles para escoger.<\/p>\n","protected":false},"author":1,"featured_media":0,"parent":0,"menu_order":0,"comment_status":"closed","ping_status":"closed","template":"","meta":{"_regular_price":[],"currency_symbol":[],"_uag_custom_page_level_css":"","footnotes":""},"class_list":["post-11065","page","type-page","status-publish","hentry"],"post_slider_layout_featured_media_urls":{"thumbnail":"","post_slider_layout_landscape_large":"","post_slider_layout_portrait_large":"","post_slider_layout_square_large":"","post_slider_layout_landscape":"","post_slider_layout_portrait":"","post_slider_layout_square":"","full":""},"uagb_featured_image_src":{"full":false,"thumbnail":false,"medium":false,"medium_large":false,"large":false,"1536x1536":false,"2048x2048":false,"post_slider_layout_landscape_large":false,"post_slider_layout_portrait_large":false,"post_slider_layout_square_large":false,"post_slider_layout_landscape":false,"post_slider_layout_portrait":false,"post_slider_layout_square":false,"vw-kids-homepage-thumb":false,"woocommerce_thumbnail":false,"woocommerce_single":false,"woocommerce_gallery_thumbnail":false,"variation_swatches_image_size":false,"variation_swatches_tooltip_size":false},"uagb_author_info":{"display_name":"U\u00f1as Coquetas","author_link":"https:\/\/xn--uascoquetas-1db.co\/?author=1"},"uagb_comment_info":0,"uagb_excerpt":"Selecciona cualquiera de las marcas que te compartimos a continuaci\u00f3n, para ver todos los motivos disponibles para escoger.","jetpack_sharing_enabled":true,"jetpack-related-posts":[{"id":3604,"url":"https:\/\/xn--uascoquetas-1db.co\/?page_id=3604","url_meta":{"origin":11065,"position":0},"title":"Tienda","author":"U\u00f1as Coquetas","date":"09\/09\/2020","format":false,"excerpt":"\u00bfNo sabes c\u00f3mo ver organizados los productos?En la parte superior de la pantalla, en la barra encuentras el men\u00fa (un cuadrado morado con tres rayas por dentro). Si le das all\u00ed, encontrar\u00e1s los productos por categor\u00eda. Especialmente \u00fatil para ver las placas de una marca en espec\u00edfico, si deseas. Chatea\u2026","rel":"","context":"Entrada similar","block_context":{"text":"Entrada similar","link":""},"img":{"alt_text":"","src":"","width":0,"height":0},"classes":[]},{"id":3612,"url":"https:\/\/xn--uascoquetas-1db.co\/?page_id=3612","url_meta":{"origin":11065,"position":1},"title":"Sobre nosotros","author":"U\u00f1as Coquetas","date":"09\/09\/2020","format":false,"excerpt":"Somos tu tienda de u\u00f1asBienvenidos a U\u00f1as Coquetas, una tienda virtual especializada en productos para u\u00f1as. Nos enfocamos en ofrecer una amplia variedad de productos para estampado de u\u00f1as y todas las t\u00e9cnicas asociadas a este arte. Nuestro cat\u00e1logo se expande constantemente para satisfacer las necesidades de nuestros clientes, incluyendo\u2026","rel":"","context":"Entrada similar","block_context":{"text":"Entrada similar","link":""},"img":{"alt_text":"Logo","src":"https:\/\/i0.wp.com\/xn--uascoquetas-1db.co\/wp-content\/uploads\/2024\/11\/cropped-Unas-Coquetaz-png-01.png?resize=350%2C200&ssl=1","width":350,"height":200},"classes":[]},{"id":9852,"url":"https:\/\/xn--uascoquetas-1db.co\/?page_id=9852","url_meta":{"origin":11065,"position":2},"title":"DRIUT","author":"U\u00f1as Coquetas","date":"22\/03\/2025","format":false,"excerpt":"\u00bfLOS ESMALTES DRIUT SON ESMALTES DE ESTAMPAR? Si. Driut cuenta con un amplio cat\u00e1logo de esmaltes tradicionales y tiene una colecci\u00f3n de esmaltes especiales para estampar, los cuales cuentan con una excelente pigmentaci\u00f3n, una viscosidad \u00f3ptima y un tiempo de secado un poco menor a los esmaltes comunes, con el\u2026","rel":"","context":"Entrada similar","block_context":{"text":"Entrada similar","link":""},"img":{"alt_text":"","src":"https:\/\/i0.wp.com\/xn--uascoquetas-1db.co\/wp-content\/uploads\/2025\/03\/Cartelera-Driut.jpg?resize=350%2C200&ssl=1","width":350,"height":200,"srcset":"https:\/\/i0.wp.com\/xn--uascoquetas-1db.co\/wp-content\/uploads\/2025\/03\/Cartelera-Driut.jpg?resize=350%2C200&ssl=1 1x, https:\/\/i0.wp.com\/xn--uascoquetas-1db.co\/wp-content\/uploads\/2025\/03\/Cartelera-Driut.jpg?resize=525%2C300&ssl=1 1.5x, https:\/\/i0.wp.com\/xn--uascoquetas-1db.co\/wp-content\/uploads\/2025\/03\/Cartelera-Driut.jpg?resize=700%2C400&ssl=1 2x"},"classes":[]},{"id":3,"url":"https:\/\/xn--uascoquetas-1db.co\/?page_id=3","url_meta":{"origin":11065,"position":3},"title":"Pol\u00edtica de privacidad","author":"U\u00f1as Coquetas","date":"16\/08\/2023","format":false,"excerpt":"Pol\u00edtica de privacidad U\u00f1as Coquetas (\u201cnosotros\u201d, \u201cnuestro\u201d o \u201cnos\u201d) se compromete a proteger su privacidad. Esta Pol\u00edtica de privacidad explica como U\u00f1as Coquetas recopila, usa y divulga su informaci\u00f3n personal. Esta pol\u00edtica de privacidad se aplica a nuestro sitio web y su subdominios asociados (colectivamente, nuestro \u201cServicio\u201d) junto con nuestra\u2026","rel":"","context":"Entrada similar","block_context":{"text":"Entrada similar","link":""},"img":{"alt_text":"","src":"","width":0,"height":0},"classes":[]},{"id":4506,"url":"https:\/\/xn--uascoquetas-1db.co\/?page_id=4506","url_meta":{"origin":11065,"position":4},"title":"Aprendizaje","author":"U\u00f1as Coquetas","date":"20\/08\/2023","format":false,"excerpt":"Zona de aprendizaje \u00a1S\u00e1cale el jugo a tus herramientas! \u00a1Te doy la bienvenida a la secci\u00f3n de aprendizaje de U\u00f1as Coquetas! Aqu\u00ed encontrar\u00e1s informaci\u00f3n fascinante sobre el apasionante mundo del Nail Art. Estaremos compartiendo contigo nuevas t\u00e9cnicas, datos interesantes y videos explicativos para que puedas mejorar constantemente tus conocimientos y\u2026","rel":"","context":"Entrada similar","block_context":{"text":"Entrada similar","link":""},"img":{"alt_text":"Heramientas","src":"https:\/\/i0.wp.com\/xn--uascoquetas-1db.co\/wp-content\/uploads\/2023\/09\/WhatsApp-Image-2023-09-12-at-6.36.15-PM-2.jpeg?resize=350%2C200&ssl=1","width":350,"height":200,"srcset":"https:\/\/i0.wp.com\/xn--uascoquetas-1db.co\/wp-content\/uploads\/2023\/09\/WhatsApp-Image-2023-09-12-at-6.36.15-PM-2.jpeg?resize=350%2C200&ssl=1 1x, https:\/\/i0.wp.com\/xn--uascoquetas-1db.co\/wp-content\/uploads\/2023\/09\/WhatsApp-Image-2023-09-12-at-6.36.15-PM-2.jpeg?resize=525%2C300&ssl=1 1.5x, https:\/\/i0.wp.com\/xn--uascoquetas-1db.co\/wp-content\/uploads\/2023\/09\/WhatsApp-Image-2023-09-12-at-6.36.15-PM-2.jpeg?resize=700%2C400&ssl=1 2x, https:\/\/i0.wp.com\/xn--uascoquetas-1db.co\/wp-content\/uploads\/2023\/09\/WhatsApp-Image-2023-09-12-at-6.36.15-PM-2.jpeg?resize=1050%2C600&ssl=1 3x, https:\/\/i0.wp.com\/xn--uascoquetas-1db.co\/wp-content\/uploads\/2023\/09\/WhatsApp-Image-2023-09-12-at-6.36.15-PM-2.jpeg?resize=1400%2C800&ssl=1 4x"},"classes":[]},{"id":11073,"url":"https:\/\/xn--uascoquetas-1db.co\/?page_id=11073","url_meta":{"origin":11065,"position":5},"title":"CAT\u00c1LOGO DE ESMALTES","author":"U\u00f1as Coquetas","date":"22\/12\/2025","format":false,"excerpt":"ESMALTES ESPECIALES PARA ESTAMPAR En esta secci\u00f3n encontrar\u00e1s esmaltes que por su nivel de pigmentaci\u00f3n son ideales para usar en la t\u00e9cnica de estampado de u\u00f1as. Estos esmaltes son tradicionales, quiere decir que NO necesitan l\u00e1mpara. ESMALTES TRADICIONALES En esta secci\u00f3n encontrar\u00e1s esmaltes tradicionales: brillos finalizadores, que son aquellos que\u2026","rel":"","context":"Entrada similar","block_context":{"text":"Entrada similar","link":""},"img":{"alt_text":"","src":"https:\/\/i0.wp.com\/xn--uascoquetas-1db.co\/wp-content\/uploads\/2024\/04\/GP-Stamping-1.png?resize=350%2C200&ssl=1","width":350,"height":200,"srcset":"https:\/\/i0.wp.com\/xn--uascoquetas-1db.co\/wp-content\/uploads\/2024\/04\/GP-Stamping-1.png?resize=350%2C200&ssl=1 1x, https:\/\/i0.wp.com\/xn--uascoquetas-1db.co\/wp-content\/uploads\/2024\/04\/GP-Stamping-1.png?resize=525%2C300&ssl=1 1.5x, https:\/\/i0.wp.com\/xn--uascoquetas-1db.co\/wp-content\/uploads\/2024\/04\/GP-Stamping-1.png?resize=700%2C400&ssl=1 2x"},"classes":[]}],"_links":{"self":[{"href":"https:\/\/xn--uascoquetas-1db.co\/index.php?rest_route=\/wp\/v2\/pages\/11065","targetHints":{"allow":["GET"]}}],"collection":[{"href":"https:\/\/xn--uascoquetas-1db.co\/index.php?rest_route=\/wp\/v2\/pages"}],"about":[{"href":"https:\/\/xn--uascoquetas-1db.co\/index.php?rest_route=\/wp\/v2\/types\/page"}],"author":[{"embeddable":true,"href":"https:\/\/xn--uascoquetas-1db.co\/index.php?rest_route=\/wp\/v2\/users\/1"}],"replies":[{"embeddable":true,"href":"https:\/\/xn--uascoquetas-1db.co\/index.php?rest_route=%2Fwp%2Fv2%2Fcomments&post=11065"}],"version-history":[{"count":4,"href":"https:\/\/xn--uascoquetas-1db.co\/index.php?rest_route=\/wp\/v2\/pages\/11065\/revisions"}],"predecessor-version":[{"id":11071,"href":"https:\/\/xn--uascoquetas-1db.co\/index.php?rest_route=\/wp\/v2\/pages\/11065\/revisions\/11071"}],"wp:attachment":[{"href":"https:\/\/xn--uascoquetas-1db.co\/index.php?rest_route=%2Fwp%2Fv2%2Fmedia&parent=11065"}],"curies":[{"name":"wp","href":"https:\/\/api.w.org\/{rel}","templated":true}]}}