{"id":4798,"date":"2023-09-13T18:35:17","date_gmt":"2023-09-13T23:35:17","guid":{"rendered":"https:\/\/xn--uascoquetas-1db.co\/?page_id=4798"},"modified":"2024-04-22T19:04:00","modified_gmt":"2024-04-23T00:04:00","slug":"guias-descargables","status":"publish","type":"page","link":"https:\/\/xn--uascoquetas-1db.co\/?page_id=4798","title":{"rendered":"Gu\u00edas descargables"},"content":{"rendered":"\n<div class=\"wp-block-uagb-container uagb-block-9d391fe1 alignfull uagb-is-root-container\"><div class=\"uagb-container-inner-blocks-wrap\">\n<div class=\"wp-block-uagb-advanced-heading uagb-block-8d0ebf65\"><h1 class=\"uagb-heading-text\">Tips y cositas de inter\u00e9s<\/h1><\/div>\n\n\n\n<p>\u00a1Bienvenido a la secci\u00f3n de gu\u00edas para Nailart de U\u00f1as Coquetas! Aqu\u00ed encontrar\u00e1s incre\u00edbles recursos descargables, repletos de consejos y trucos para llevar tu arte de u\u00f1as al siguiente nivel. Estamos seguros de que te encantar\u00e1n.<\/p>\n<\/div><\/div>\n\n\n\n<div class=\"wp-block-uagb-container uagb-block-cd8fb166 alignfull uagb-is-root-container\"><div class=\"uagb-container-inner-blocks-wrap\"><ul class=\"wp-block-latest-posts__list is-grid columns-3 wp-block-latest-posts\"><li><div class=\"wp-block-latest-posts__featured-image\"><a href=\"https:\/\/xn--uascoquetas-1db.co\/?p=11088\" aria-label=\"\u2728 C\u00f3mo usar stickers para u\u00f1as paso a paso\"><img loading=\"lazy\" decoding=\"async\" width=\"150\" height=\"150\" src=\"https:\/\/xn--uascoquetas-1db.co\/wp-content\/uploads\/2026\/01\/Stickers-150x150.png\" class=\"attachment-thumbnail size-thumbnail wp-post-image\" alt=\"\" style=\"max-width:150px;max-height:150px;\" srcset=\"https:\/\/xn--uascoquetas-1db.co\/wp-content\/uploads\/2026\/01\/Stickers-150x150.png 150w, https:\/\/xn--uascoquetas-1db.co\/wp-content\/uploads\/2026\/01\/Stickers-600x600.png 600w, https:\/\/xn--uascoquetas-1db.co\/wp-content\/uploads\/2026\/01\/Stickers-300x300.png 300w, https:\/\/xn--uascoquetas-1db.co\/wp-content\/uploads\/2026\/01\/Stickers-100x100.png 100w, https:\/\/xn--uascoquetas-1db.co\/wp-content\/uploads\/2026\/01\/Stickers-50x50.png 50w\" sizes=\"auto, (max-width: 150px) 100vw, 150px\" \/><\/a><\/div><a class=\"wp-block-latest-posts__post-title\" href=\"https:\/\/xn--uascoquetas-1db.co\/?p=11088\">\u2728 C\u00f3mo usar stickers para u\u00f1as paso a paso<\/a><div class=\"wp-block-latest-posts__post-excerpt\">Si amas el nail art, pero buscas una forma r\u00e1pida, precisa y profesional de decorar las u\u00f1as, nuestros stickers ultradelgados son tu mejor aliado.Hoy te mostramos c\u00f3mo usarlos correctamente para que queden integrados a la u\u00f1a, sin relieves y con acabado de sal\u00f3n \ud83d\udc96 \ud83d\udc8e \u00bfPor qu\u00e9 elegir nuestros stickers? Perfectos tanto para manicuristas profesionales&#8230; <a class=\"wp-block-latest-posts__read-more\" href=\"https:\/\/xn--uascoquetas-1db.co\/?p=11088\" rel=\"noopener noreferrer\">Lee m\u00e1s<span class=\"screen-reader-text\">: \u2728 C\u00f3mo usar stickers para u\u00f1as paso a paso<\/span><\/a><\/div><\/li>\n<li><div class=\"wp-block-latest-posts__featured-image\"><a href=\"https:\/\/xn--uascoquetas-1db.co\/?p=4815\" aria-label=\"Paso a paso UC-003\"><img loading=\"lazy\" decoding=\"async\" width=\"150\" height=\"150\" src=\"https:\/\/xn--uascoquetas-1db.co\/wp-content\/uploads\/2023\/09\/Paso-a-paso-02-150x150.jpg\" class=\"attachment-thumbnail size-thumbnail wp-post-image\" alt=\"\" style=\"max-width:150px;max-height:150px;\" srcset=\"https:\/\/xn--uascoquetas-1db.co\/wp-content\/uploads\/2023\/09\/Paso-a-paso-02-150x150.jpg 150w, https:\/\/xn--uascoquetas-1db.co\/wp-content\/uploads\/2023\/09\/Paso-a-paso-02-300x300.jpg 300w, https:\/\/xn--uascoquetas-1db.co\/wp-content\/uploads\/2023\/09\/Paso-a-paso-02-100x100.jpg 100w, https:\/\/xn--uascoquetas-1db.co\/wp-content\/uploads\/2023\/09\/Paso-a-paso-02.jpg 500w\" sizes=\"auto, (max-width: 150px) 100vw, 150px\" \/><\/a><\/div><a class=\"wp-block-latest-posts__post-title\" href=\"https:\/\/xn--uascoquetas-1db.co\/?p=4815\">Paso a paso UC-003<\/a><div class=\"wp-block-latest-posts__post-excerpt\">Paso a paso de la placa UC-003 Sobria e Indispensable<\/div><\/li>\n<\/ul><\/div><\/div>\n","protected":false},"excerpt":{"rendered":"<p>Tips y cositas de inter\u00e9s \u00a1Bienvenido a la secci\u00f3n de gu\u00edas para Nailart de U\u00f1as Coquetas! Aqu\u00ed encontrar\u00e1s incre\u00edbles recursos descargables, repletos de consejos y trucos para llevar tu arte de u\u00f1as al siguiente nivel. Estamos seguros de que te encantar\u00e1n.<\/p>\n","protected":false},"author":1,"featured_media":0,"parent":0,"menu_order":0,"comment_status":"closed","ping_status":"closed","template":"","meta":{"_regular_price":[],"currency_symbol":[],"_uag_custom_page_level_css":"","footnotes":""},"class_list":["post-4798","page","type-page","status-publish","hentry"],"post_slider_layout_featured_media_urls":{"thumbnail":"","post_slider_layout_landscape_large":"","post_slider_layout_portrait_large":"","post_slider_layout_square_large":"","post_slider_layout_landscape":"","post_slider_layout_portrait":"","post_slider_layout_square":"","full":""},"uagb_featured_image_src":{"full":false,"thumbnail":false,"medium":false,"medium_large":false,"large":false,"1536x1536":false,"2048x2048":false,"post_slider_layout_landscape_large":false,"post_slider_layout_portrait_large":false,"post_slider_layout_square_large":false,"post_slider_layout_landscape":false,"post_slider_layout_portrait":false,"post_slider_layout_square":false,"vw-kids-homepage-thumb":false,"woocommerce_thumbnail":false,"woocommerce_single":false,"woocommerce_gallery_thumbnail":false,"variation_swatches_image_size":false,"variation_swatches_tooltip_size":false},"uagb_author_info":{"display_name":"U\u00f1as Coquetas","author_link":"https:\/\/xn--uascoquetas-1db.co\/?author=1"},"uagb_comment_info":0,"uagb_excerpt":"Tips y cositas de inter\u00e9s \u00a1Bienvenido a la secci\u00f3n de gu\u00edas para Nailart de U\u00f1as Coquetas! Aqu\u00ed encontrar\u00e1s incre\u00edbles recursos descargables, repletos de consejos y trucos para llevar tu arte de u\u00f1as al siguiente nivel. Estamos seguros de que te encantar\u00e1n.","jetpack_sharing_enabled":true,"jetpack-related-posts":[{"id":9735,"url":"https:\/\/xn--uascoquetas-1db.co\/?page_id=9735","url_meta":{"origin":4798,"position":0},"title":"U\u00d1AS COQUETAS APP","author":"U\u00f1as Coquetas","date":"03\/02\/2025","format":false,"excerpt":"U\u00f1as Coquetas app para Android Con nuestra aplicaci\u00f3n, puedes explotar tu creatividad y crear dise\u00f1os \u00fanicos de manera interactiva. Elige entre una extensa colecci\u00f3n de colores, patrones, texturas y accesorios para personalizar cada detalle de tus u\u00f1as. Ya sea que prefieras un estilo cl\u00e1sico, moderno, o atrevido, nuestra app te\u2026","rel":"","context":"Entrada similar","block_context":{"text":"Entrada similar","link":""},"img":{"alt_text":"","src":"https:\/\/i0.wp.com\/xn--uascoquetas-1db.co\/wp-content\/uploads\/2025\/02\/m1-150x150.webp?resize=350%2C200&ssl=1","width":350,"height":200},"classes":[]},{"id":3610,"url":"https:\/\/xn--uascoquetas-1db.co\/","url_meta":{"origin":4798,"position":1},"title":"Productos recientes Prueba nuestra aplicaci\u00f3n\u2026","author":"U\u00f1as Coquetas","date":"09\/09\/2020","format":false,"excerpt":"Productos recientes Prueba nuestra aplicaci\u00f3n m\u00f3vil para Android y crea bocetos que puedes recrear en tus u\u00f1as. Conoce m\u00e1s de la aplicaci\u00f3n Descarga la app en la Play Store PRODUCTOS EN LIQUIDACI\u00d3NEn esta secci\u00f3n encontrar\u00e1s productos NUEVOS que est\u00e1n en excelente precio porque son las \u00faltimas unidades en stock y\u2026","rel":"","context":"Entrada similar","block_context":{"text":"Entrada similar","link":""},"img":{"alt_text":"","src":"https:\/\/i0.wp.com\/xn--uascoquetas-1db.co\/wp-content\/uploads\/2026\/01\/Sticker-futbol.jpg?resize=350%2C200&ssl=1","width":350,"height":200,"srcset":"https:\/\/i0.wp.com\/xn--uascoquetas-1db.co\/wp-content\/uploads\/2026\/01\/Sticker-futbol.jpg?resize=350%2C200&ssl=1 1x, https:\/\/i0.wp.com\/xn--uascoquetas-1db.co\/wp-content\/uploads\/2026\/01\/Sticker-futbol.jpg?resize=525%2C300&ssl=1 1.5x, https:\/\/i0.wp.com\/xn--uascoquetas-1db.co\/wp-content\/uploads\/2026\/01\/Sticker-futbol.jpg?resize=700%2C400&ssl=1 2x"},"classes":[]},{"id":4590,"url":"https:\/\/xn--uascoquetas-1db.co\/?page_id=4590","url_meta":{"origin":4798,"position":2},"title":"Pol\u00edtica de env\u00edos","author":"U\u00f1as Coquetas","date":"01\/09\/2023","format":false,"excerpt":"Pol\u00edtica de env\u00edos Los art\u00edculos se env\u00edan desde la ciudad de Bogot\u00e1 (Colombia) a la direcci\u00f3n registrada al momento de realizar la compra por parte del comprador. Tenga en cuenta que de haber errores en los datos proporcionados al momento de la compra, repercutir\u00e1n en el fallo al momento de\u2026","rel":"","context":"Entrada similar","block_context":{"text":"Entrada similar","link":""},"img":{"alt_text":"","src":"","width":0,"height":0},"classes":[]},{"id":10,"url":"https:\/\/xn--uascoquetas-1db.co\/?page_id=10","url_meta":{"origin":4798,"position":3},"title":"T\u00e9rminos y condiciones","author":"U\u00f1as Coquetas","date":"04\/09\/2023","format":false,"excerpt":"Bienvenido(a) a nuestra tienda online. Antes de realizar cualquier compra, te invitamos a leer detenidamente los siguientes T\u00e9rminos y Condiciones de Uso. Al acceder y utilizar nuestra tienda, aceptas cumplir con estos t\u00e9rminos y condiciones. Si no est\u00e1s de acuerdo con alguna parte de estos t\u00e9rminos, te sugerimos que no\u2026","rel":"","context":"Entrada similar","block_context":{"text":"Entrada similar","link":""},"img":{"alt_text":"","src":"","width":0,"height":0},"classes":[]},{"id":4498,"url":"https:\/\/xn--uascoquetas-1db.co\/?page_id=4498","url_meta":{"origin":4798,"position":4},"title":"Entradas","author":"U\u00f1as Coquetas","date":"20\/08\/2023","format":false,"excerpt":"Mantente al d\u00eda con U\u00f1as Coquetas \u00a1Te doy la bienvenida a la secci\u00f3n de Noticias de U\u00f1as Coquetas! Estamos encantados de tenerte aqu\u00ed y queremos compartir contigo informaci\u00f3n exclusiva sobre nuestros \u00faltimos lanzamientos, actividades emocionantes, ferias de belleza y promociones irresistibles que seguramente captar\u00e1n tu inter\u00e9s. En U\u00f1as Coquetas, nos\u2026","rel":"","context":"Entrada similar","block_context":{"text":"Entrada similar","link":""},"img":{"alt_text":"Fondo portada 1080","src":"https:\/\/i0.wp.com\/xn--uascoquetas-1db.co\/wp-content\/uploads\/2023\/08\/Fondo-de-portada-1080-04-1024x1024.png?resize=350%2C200&ssl=1","width":350,"height":200,"srcset":"https:\/\/i0.wp.com\/xn--uascoquetas-1db.co\/wp-content\/uploads\/2023\/08\/Fondo-de-portada-1080-04-1024x1024.png?resize=350%2C200&ssl=1 1x, https:\/\/i0.wp.com\/xn--uascoquetas-1db.co\/wp-content\/uploads\/2023\/08\/Fondo-de-portada-1080-04-1024x1024.png?resize=525%2C300&ssl=1 1.5x, https:\/\/i0.wp.com\/xn--uascoquetas-1db.co\/wp-content\/uploads\/2023\/08\/Fondo-de-portada-1080-04-1024x1024.png?resize=700%2C400&ssl=1 2x"},"classes":[]},{"id":4824,"url":"https:\/\/xn--uascoquetas-1db.co\/?page_id=4824","url_meta":{"origin":4798,"position":5},"title":"Noticias","author":"U\u00f1as Coquetas","date":"14\/09\/2023","format":false,"excerpt":"Mantente al d\u00eda con U\u00f1as Coquetas \u00a1Te doy la bienvenida a la secci\u00f3n de Noticias de U\u00f1as Coquetas! Estamos encantados de tenerte aqu\u00ed y queremos compartir contigo informaci\u00f3n exclusiva sobre nuestros \u00faltimos lanzamientos, actividades emocionantes, ferias de belleza y promociones irresistibles que seguramente captar\u00e1n tu inter\u00e9s.","rel":"","context":"Entrada similar","block_context":{"text":"Entrada similar","link":""},"img":{"alt_text":"","src":"","width":0,"height":0},"classes":[]}],"_links":{"self":[{"href":"https:\/\/xn--uascoquetas-1db.co\/index.php?rest_route=\/wp\/v2\/pages\/4798","targetHints":{"allow":["GET"]}}],"collection":[{"href":"https:\/\/xn--uascoquetas-1db.co\/index.php?rest_route=\/wp\/v2\/pages"}],"about":[{"href":"https:\/\/xn--uascoquetas-1db.co\/index.php?rest_route=\/wp\/v2\/types\/page"}],"author":[{"embeddable":true,"href":"https:\/\/xn--uascoquetas-1db.co\/index.php?rest_route=\/wp\/v2\/users\/1"}],"replies":[{"embeddable":true,"href":"https:\/\/xn--uascoquetas-1db.co\/index.php?rest_route=%2Fwp%2Fv2%2Fcomments&post=4798"}],"version-history":[{"count":5,"href":"https:\/\/xn--uascoquetas-1db.co\/index.php?rest_route=\/wp\/v2\/pages\/4798\/revisions"}],"predecessor-version":[{"id":7917,"href":"https:\/\/xn--uascoquetas-1db.co\/index.php?rest_route=\/wp\/v2\/pages\/4798\/revisions\/7917"}],"wp:attachment":[{"href":"https:\/\/xn--uascoquetas-1db.co\/index.php?rest_route=%2Fwp%2Fv2%2Fmedia&parent=4798"}],"curies":[{"name":"wp","href":"https:\/\/api.w.org\/{rel}","templated":true}]}}