{"id":11310,"date":"2026-02-20T12:54:23","date_gmt":"2026-02-20T17:54:23","guid":{"rendered":"https:\/\/xn--uascoquetas-1db.co\/?post_type=product&#038;p=11310"},"modified":"2026-04-27T15:59:26","modified_gmt":"2026-04-27T20:59:26","slug":"estampador-squarex-gp-stamping","status":"publish","type":"product","link":"https:\/\/xn--uascoquetas-1db.co\/?product=estampador-squarex-gp-stamping","title":{"rendered":"Estampador Squarex GP Stamping"},"content":{"rendered":"<p>Estampador Squarex, con goma transparente rectangular. Con tapas protectoras superior e inferior. Visor inferior.<\/p>\n<h2>DESCRIPCI\u00d3N<\/h2>\n<p>Un (1) Una \u00a0gomas de estampar, consistencia blanda y alta adherencia .<\/p>\n<p>Medidas del estampador: 4 cm\u00a0 x 3 cm aproximadamente<br \/>\nAltura del estampador con las dos tapas: 4 cm aproximadamente.<\/p>\n<p>&nbsp;<\/p>\n<h2>RECOMENDACIONES<\/h2>\n<p>NO limpiar con acetona ni qu\u00edmicos fuertes.<br \/>\nLavar con frecuencia con agua y jab\u00f3n y dejar secar al aire libre.<br \/>\nNo manipular con elementos punzantes.<\/p>\n<p>varlo con agua y jab\u00f3n.<\/p>\n","protected":false},"excerpt":{"rendered":"<table width=\"375\">\n<tbody>\n<tr>\n<td width=\"375\">Estampador\u00a0 rectangular, con tapa superior e inferior. Visor transparente y goma transparente de consistencia blanda y alta adherencia.<\/td>\n<\/tr>\n<\/tbody>\n<\/table>\n","protected":false},"featured_media":11313,"comment_status":"open","ping_status":"closed","template":"","meta":{"_regular_price":["26000"],"currency_symbol":[],"_uag_custom_page_level_css":""},"product_brand":[],"product_cat":[30,57],"product_tag":[78,41],"class_list":{"0":"post-11310","1":"product","2":"type-product","3":"status-publish","4":"has-post-thumbnail","6":"product_cat-estampadores","7":"product_cat-estampadores-sencillos","8":"product_tag-goma-transparente","9":"product_tag-stamping","10":"product_shipping_class-paquete-pequeno","12":"first","13":"instock","14":"purchasable","15":"product-type-simple"},"post_slider_layout_featured_media_urls":{"thumbnail":["https:\/\/xn--uascoquetas-1db.co\/wp-content\/uploads\/2026\/02\/118.-Squarex-ML-150x150.jpg",150,150,true],"post_slider_layout_landscape_large":["https:\/\/xn--uascoquetas-1db.co\/wp-content\/uploads\/2026\/02\/118.-Squarex-ML.jpg",800,800,false],"post_slider_layout_portrait_large":["https:\/\/xn--uascoquetas-1db.co\/wp-content\/uploads\/2026\/02\/118.-Squarex-ML.jpg",800,800,false],"post_slider_layout_square_large":["https:\/\/xn--uascoquetas-1db.co\/wp-content\/uploads\/2026\/02\/118.-Squarex-ML.jpg",800,800,false],"post_slider_layout_landscape":["https:\/\/xn--uascoquetas-1db.co\/wp-content\/uploads\/2026\/02\/118.-Squarex-ML-600x400.jpg",600,400,true],"post_slider_layout_portrait":["https:\/\/xn--uascoquetas-1db.co\/wp-content\/uploads\/2026\/02\/118.-Squarex-ML-600x800.jpg",600,800,true],"post_slider_layout_square":["https:\/\/xn--uascoquetas-1db.co\/wp-content\/uploads\/2026\/02\/118.-Squarex-ML-600x600.jpg",600,600,true],"full":["https:\/\/xn--uascoquetas-1db.co\/wp-content\/uploads\/2026\/02\/118.-Squarex-ML.jpg",800,800,false]},"uagb_featured_image_src":{"full":["https:\/\/xn--uascoquetas-1db.co\/wp-content\/uploads\/2026\/02\/118.-Squarex-ML.jpg",800,800,false],"thumbnail":["https:\/\/xn--uascoquetas-1db.co\/wp-content\/uploads\/2026\/02\/118.-Squarex-ML-150x150.jpg",150,150,true],"medium":["https:\/\/xn--uascoquetas-1db.co\/wp-content\/uploads\/2026\/02\/118.-Squarex-ML-300x300.jpg",300,300,true],"medium_large":["https:\/\/xn--uascoquetas-1db.co\/wp-content\/uploads\/2026\/02\/118.-Squarex-ML-768x768.jpg",640,640,true],"large":["https:\/\/xn--uascoquetas-1db.co\/wp-content\/uploads\/2026\/02\/118.-Squarex-ML.jpg",640,640,false],"1536x1536":["https:\/\/xn--uascoquetas-1db.co\/wp-content\/uploads\/2026\/02\/118.-Squarex-ML.jpg",800,800,false],"2048x2048":["https:\/\/xn--uascoquetas-1db.co\/wp-content\/uploads\/2026\/02\/118.-Squarex-ML.jpg",800,800,false],"post_slider_layout_landscape_large":["https:\/\/xn--uascoquetas-1db.co\/wp-content\/uploads\/2026\/02\/118.-Squarex-ML.jpg",800,800,false],"post_slider_layout_portrait_large":["https:\/\/xn--uascoquetas-1db.co\/wp-content\/uploads\/2026\/02\/118.-Squarex-ML.jpg",800,800,false],"post_slider_layout_square_large":["https:\/\/xn--uascoquetas-1db.co\/wp-content\/uploads\/2026\/02\/118.-Squarex-ML.jpg",800,800,false],"post_slider_layout_landscape":["https:\/\/xn--uascoquetas-1db.co\/wp-content\/uploads\/2026\/02\/118.-Squarex-ML-600x400.jpg",600,400,true],"post_slider_layout_portrait":["https:\/\/xn--uascoquetas-1db.co\/wp-content\/uploads\/2026\/02\/118.-Squarex-ML-600x800.jpg",600,800,true],"post_slider_layout_square":["https:\/\/xn--uascoquetas-1db.co\/wp-content\/uploads\/2026\/02\/118.-Squarex-ML-600x600.jpg",600,600,true],"vw-kids-homepage-thumb":["https:\/\/xn--uascoquetas-1db.co\/wp-content\/uploads\/2026\/02\/118.-Squarex-ML-240x145.jpg",240,145,true],"woocommerce_thumbnail":["https:\/\/xn--uascoquetas-1db.co\/wp-content\/uploads\/2026\/02\/118.-Squarex-ML-300x300.jpg",300,300,true],"woocommerce_single":["https:\/\/xn--uascoquetas-1db.co\/wp-content\/uploads\/2026\/02\/118.-Squarex-ML-600x600.jpg",600,600,true],"woocommerce_gallery_thumbnail":["https:\/\/xn--uascoquetas-1db.co\/wp-content\/uploads\/2026\/02\/118.-Squarex-ML-100x100.jpg",100,100,true],"variation_swatches_image_size":["https:\/\/xn--uascoquetas-1db.co\/wp-content\/uploads\/2026\/02\/118.-Squarex-ML-50x50.jpg",50,50,true],"variation_swatches_tooltip_size":["https:\/\/xn--uascoquetas-1db.co\/wp-content\/uploads\/2026\/02\/118.-Squarex-ML-100x100.jpg",100,100,true]},"uagb_author_info":{"display_name":"U\u00f1as Coquetas","author_link":"https:\/\/xn--uascoquetas-1db.co\/?author=0"},"uagb_comment_info":0,"uagb_excerpt":"Estampador\u00a0 rectangular, con tapa superior e inferior. Visor transparente y goma transparente de consistencia blanda y alta adherencia.","jetpack_sharing_enabled":true,"jetpack-related-posts":[{"id":10078,"url":"https:\/\/xn--uascoquetas-1db.co\/?product=estampador-xs-morado","url_meta":{"origin":11310,"position":0},"title":"Estampador &#8211; XS Fucsia","author":"U\u00f1as Coquetas","date":"24\/04\/2025","format":false,"excerpt":"Estampador XS de goma transparente con cuerpo pl\u00e1stico, di\u00e1metro de 3.8 cm.","rel":"","context":"Entrada similar","block_context":{"text":"Entrada similar","link":""},"img":{"alt_text":"","src":"https:\/\/i0.wp.com\/xn--uascoquetas-1db.co\/wp-content\/uploads\/2025\/04\/Estampador-XS-Fucsia-Portada.jpg?resize=350%2C200&ssl=1","width":350,"height":200,"srcset":"https:\/\/i0.wp.com\/xn--uascoquetas-1db.co\/wp-content\/uploads\/2025\/04\/Estampador-XS-Fucsia-Portada.jpg?resize=350%2C200&ssl=1 1x, https:\/\/i0.wp.com\/xn--uascoquetas-1db.co\/wp-content\/uploads\/2025\/04\/Estampador-XS-Fucsia-Portada.jpg?resize=525%2C300&ssl=1 1.5x, https:\/\/i0.wp.com\/xn--uascoquetas-1db.co\/wp-content\/uploads\/2025\/04\/Estampador-XS-Fucsia-Portada.jpg?resize=700%2C400&ssl=1 2x"},"classes":[]},{"id":10753,"url":"https:\/\/xn--uascoquetas-1db.co\/?product=estampador-edicion-limitada-halloween","url_meta":{"origin":11310,"position":1},"title":"Estampador &#8211; Edici\u00f3n Limitada Navidad","author":"U\u00f1as Coquetas","date":"11\/09\/2025","format":false,"excerpt":"Estampador edici\u00f3n limitada de Navidad de goma transparente, di\u00e1metro de 3.8 cm.","rel":"","context":"Entrada similar","block_context":{"text":"Entrada similar","link":""},"img":{"alt_text":"","src":"https:\/\/i0.wp.com\/xn--uascoquetas-1db.co\/wp-content\/uploads\/2025\/09\/Navidad-2025-ML.jpg?resize=350%2C200&ssl=1","width":350,"height":200,"srcset":"https:\/\/i0.wp.com\/xn--uascoquetas-1db.co\/wp-content\/uploads\/2025\/09\/Navidad-2025-ML.jpg?resize=350%2C200&ssl=1 1x, https:\/\/i0.wp.com\/xn--uascoquetas-1db.co\/wp-content\/uploads\/2025\/09\/Navidad-2025-ML.jpg?resize=525%2C300&ssl=1 1.5x, https:\/\/i0.wp.com\/xn--uascoquetas-1db.co\/wp-content\/uploads\/2025\/09\/Navidad-2025-ML.jpg?resize=700%2C400&ssl=1 2x"},"classes":[]},{"id":4976,"url":"https:\/\/xn--uascoquetas-1db.co\/?product=sello-estampador-unas-grande-con-cuerpo-metalico","url_meta":{"origin":11310,"position":2},"title":"Sello Estampador U\u00f1as Grande Con Cuerpo Met\u00e1lico","author":"U\u00f1as Coquetas","date":"19\/09\/2023","format":false,"excerpt":"Estampador de goma transparente con cuerpo met\u00e1lico, di\u00e1metro de 3.8 cm.","rel":"","context":"Entrada similar","block_context":{"text":"Entrada similar","link":""},"img":{"alt_text":"","src":"https:\/\/i0.wp.com\/xn--uascoquetas-1db.co\/wp-content\/uploads\/2023\/09\/A15-Portada-01-1.jpg?resize=350%2C200&ssl=1","width":350,"height":200,"srcset":"https:\/\/i0.wp.com\/xn--uascoquetas-1db.co\/wp-content\/uploads\/2023\/09\/A15-Portada-01-1.jpg?resize=350%2C200&ssl=1 1x, https:\/\/i0.wp.com\/xn--uascoquetas-1db.co\/wp-content\/uploads\/2023\/09\/A15-Portada-01-1.jpg?resize=525%2C300&ssl=1 1.5x, https:\/\/i0.wp.com\/xn--uascoquetas-1db.co\/wp-content\/uploads\/2023\/09\/A15-Portada-01-1.jpg?resize=700%2C400&ssl=1 2x, https:\/\/i0.wp.com\/xn--uascoquetas-1db.co\/wp-content\/uploads\/2023\/09\/A15-Portada-01-1.jpg?resize=1050%2C600&ssl=1 3x"},"classes":[]},{"id":9474,"url":"https:\/\/xn--uascoquetas-1db.co\/?product=estampador-ice-cube-rectangular-maniology","url_meta":{"origin":11310,"position":3},"title":"Estampador &#8211; Ice Cube  Rectangular &#8211; Maniology","author":"U\u00f1as Coquetas","date":"03\/12\/2024","format":false,"excerpt":"Estampador Maniology original para estampar u\u00f1as, rectangular, con tapa protectora.","rel":"","context":"Entrada similar","block_context":{"text":"Entrada similar","link":""},"img":{"alt_text":"","src":"https:\/\/i0.wp.com\/xn--uascoquetas-1db.co\/wp-content\/uploads\/2024\/12\/Rectangular-portada.png?resize=350%2C200&ssl=1","width":350,"height":200,"srcset":"https:\/\/i0.wp.com\/xn--uascoquetas-1db.co\/wp-content\/uploads\/2024\/12\/Rectangular-portada.png?resize=350%2C200&ssl=1 1x, https:\/\/i0.wp.com\/xn--uascoquetas-1db.co\/wp-content\/uploads\/2024\/12\/Rectangular-portada.png?resize=525%2C300&ssl=1 1.5x, https:\/\/i0.wp.com\/xn--uascoquetas-1db.co\/wp-content\/uploads\/2024\/12\/Rectangular-portada.png?resize=700%2C400&ssl=1 2x"},"classes":[]},{"id":9750,"url":"https:\/\/xn--uascoquetas-1db.co\/?product=estampador-summer-ice-cube-rectangular-maniology","url_meta":{"origin":11310,"position":4},"title":"Estampador &#8211; Summer Ice Cube  Rectangular &#8211; Maniology","author":"U\u00f1as Coquetas","date":"10\/02\/2025","format":false,"excerpt":"Estampador Maniology original para estampar u\u00f1as, rectangular, con tapa protectora.","rel":"","context":"Entrada similar","block_context":{"text":"Entrada similar","link":""},"img":{"alt_text":"","src":"https:\/\/i0.wp.com\/xn--uascoquetas-1db.co\/wp-content\/uploads\/2025\/02\/Ice-Cube-summer.jpg?resize=350%2C200&ssl=1","width":350,"height":200,"srcset":"https:\/\/i0.wp.com\/xn--uascoquetas-1db.co\/wp-content\/uploads\/2025\/02\/Ice-Cube-summer.jpg?resize=350%2C200&ssl=1 1x, https:\/\/i0.wp.com\/xn--uascoquetas-1db.co\/wp-content\/uploads\/2025\/02\/Ice-Cube-summer.jpg?resize=525%2C300&ssl=1 1.5x, https:\/\/i0.wp.com\/xn--uascoquetas-1db.co\/wp-content\/uploads\/2025\/02\/Ice-Cube-summer.jpg?resize=700%2C400&ssl=1 2x"},"classes":[]},{"id":11227,"url":"https:\/\/xn--uascoquetas-1db.co\/?product=estampador-transparente-sencillo-star","url_meta":{"origin":11310,"position":5},"title":"Estampador &#8211; Transparente Sencillo Star","author":"U\u00f1as Coquetas","date":"06\/02\/2026","format":false,"excerpt":"Estampador\u00a0 de goma transparente de alta dureza y adherencia media. Ideal para placas acr\u00edlicas.","rel":"","context":"Entrada similar","block_context":{"text":"Entrada similar","link":""},"img":{"alt_text":"","src":"https:\/\/i0.wp.com\/xn--uascoquetas-1db.co\/wp-content\/uploads\/2026\/02\/Sencillo.jpg?resize=350%2C200&ssl=1","width":350,"height":200,"srcset":"https:\/\/i0.wp.com\/xn--uascoquetas-1db.co\/wp-content\/uploads\/2026\/02\/Sencillo.jpg?resize=350%2C200&ssl=1 1x, https:\/\/i0.wp.com\/xn--uascoquetas-1db.co\/wp-content\/uploads\/2026\/02\/Sencillo.jpg?resize=525%2C300&ssl=1 1.5x, https:\/\/i0.wp.com\/xn--uascoquetas-1db.co\/wp-content\/uploads\/2026\/02\/Sencillo.jpg?resize=700%2C400&ssl=1 2x"},"classes":[]}],"_links":{"self":[{"href":"https:\/\/xn--uascoquetas-1db.co\/index.php?rest_route=\/wp\/v2\/product\/11310","targetHints":{"allow":["GET"]}}],"collection":[{"href":"https:\/\/xn--uascoquetas-1db.co\/index.php?rest_route=\/wp\/v2\/product"}],"about":[{"href":"https:\/\/xn--uascoquetas-1db.co\/index.php?rest_route=\/wp\/v2\/types\/product"}],"replies":[{"embeddable":true,"href":"https:\/\/xn--uascoquetas-1db.co\/index.php?rest_route=%2Fwp%2Fv2%2Fcomments&post=11310"}],"wp:featuredmedia":[{"embeddable":true,"href":"https:\/\/xn--uascoquetas-1db.co\/index.php?rest_route=\/wp\/v2\/media\/11313"}],"wp:attachment":[{"href":"https:\/\/xn--uascoquetas-1db.co\/index.php?rest_route=%2Fwp%2Fv2%2Fmedia&parent=11310"}],"wp:term":[{"taxonomy":"product_brand","embeddable":true,"href":"https:\/\/xn--uascoquetas-1db.co\/index.php?rest_route=%2Fwp%2Fv2%2Fproduct_brand&post=11310"},{"taxonomy":"product_cat","embeddable":true,"href":"https:\/\/xn--uascoquetas-1db.co\/index.php?rest_route=%2Fwp%2Fv2%2Fproduct_cat&post=11310"},{"taxonomy":"product_tag","embeddable":true,"href":"https:\/\/xn--uascoquetas-1db.co\/index.php?rest_route=%2Fwp%2Fv2%2Fproduct_tag&post=11310"}],"curies":[{"name":"wp","href":"https:\/\/api.w.org\/{rel}","templated":true}]}}