{"id":5752,"date":"2023-10-03T20:44:22","date_gmt":"2023-10-04T01:44:22","guid":{"rendered":"https:\/\/xn--uascoquetas-1db.co\/?post_type=product&#038;p=5752"},"modified":"2023-11-01T00:08:58","modified_gmt":"2023-11-01T05:08:58","slug":"placa-metalica-beauty-big-bang-097","status":"publish","type":"product","link":"https:\/\/xn--uascoquetas-1db.co\/?product=placa-metalica-beauty-big-bang-097","title":{"rendered":"Placa Met\u00e1lica Beauty Big Bang 097"},"content":{"rendered":"<p>Placa rectangular met\u00e1lica Marca Beauty Big Bang<\/p>\n<p><strong>Descripci\u00f3n<\/strong><\/p>\n<p>Art\u00edculo completamente nuevo<\/p>\n<p>Una placa Rectangular<br \/>\nTama\u00f1o: 12 X 6 cm Aproximadamente<br \/>\nMaterial: Acero inoxidable<br \/>\nCada placa viene con su cajita protectora, personalizada por cada referencia de placa. No te puedes quedar sin las tuyas.<\/p>\n<p><strong>Recomendaciones<\/strong><\/p>\n<p>Es posible aplicar removedor. Si es muy grasoso, limpiar con un poco de alcohol para recoger el dise\u00f1o con mayor facilidad.<\/p>\n","protected":false},"excerpt":{"rendered":"<p>Placa met\u00e1lica para estampar, marca Beauty Big Bang con hermosos dise\u00f1os de vitrales.<\/p>\n","protected":false},"featured_media":5753,"comment_status":"open","ping_status":"closed","template":"","meta":{"_regular_price":["15000"],"currency_symbol":[],"_uag_custom_page_level_css":""},"product_brand":[],"product_cat":[179,177],"product_tag":[39,134,41],"class_list":{"0":"post-5752","1":"product","2":"type-product","3":"status-publish","4":"has-post-thumbnail","6":"product_cat-liquidacion","7":"product_cat-outlet","8":"product_tag-metalico","9":"product_tag-placas","10":"product_tag-stamping","11":"product_shipping_class-paquete-pequeno","13":"first","14":"outofstock","15":"purchasable","16":"product-type-simple"},"post_slider_layout_featured_media_urls":{"thumbnail":["https:\/\/xn--uascoquetas-1db.co\/wp-content\/uploads\/2023\/10\/BBB-097-800X800_Mesa-de-trabajo-1-150x150.jpg",150,150,true],"post_slider_layout_landscape_large":["https:\/\/xn--uascoquetas-1db.co\/wp-content\/uploads\/2023\/10\/BBB-097-800X800_Mesa-de-trabajo-1.jpg",800,800,false],"post_slider_layout_portrait_large":["https:\/\/xn--uascoquetas-1db.co\/wp-content\/uploads\/2023\/10\/BBB-097-800X800_Mesa-de-trabajo-1.jpg",800,800,false],"post_slider_layout_square_large":["https:\/\/xn--uascoquetas-1db.co\/wp-content\/uploads\/2023\/10\/BBB-097-800X800_Mesa-de-trabajo-1.jpg",800,800,false],"post_slider_layout_landscape":["https:\/\/xn--uascoquetas-1db.co\/wp-content\/uploads\/2023\/10\/BBB-097-800X800_Mesa-de-trabajo-1.jpg",400,400,false],"post_slider_layout_portrait":["https:\/\/xn--uascoquetas-1db.co\/wp-content\/uploads\/2023\/10\/BBB-097-800X800_Mesa-de-trabajo-1.jpg",600,600,false],"post_slider_layout_square":["https:\/\/xn--uascoquetas-1db.co\/wp-content\/uploads\/2023\/10\/BBB-097-800X800_Mesa-de-trabajo-1.jpg",600,600,false],"full":["https:\/\/xn--uascoquetas-1db.co\/wp-content\/uploads\/2023\/10\/BBB-097-800X800_Mesa-de-trabajo-1.jpg",800,800,false]},"uagb_featured_image_src":{"full":["https:\/\/xn--uascoquetas-1db.co\/wp-content\/uploads\/2023\/10\/BBB-097-800X800_Mesa-de-trabajo-1.jpg",800,800,false],"thumbnail":["https:\/\/xn--uascoquetas-1db.co\/wp-content\/uploads\/2023\/10\/BBB-097-800X800_Mesa-de-trabajo-1-150x150.jpg",150,150,true],"medium":["https:\/\/xn--uascoquetas-1db.co\/wp-content\/uploads\/2023\/10\/BBB-097-800X800_Mesa-de-trabajo-1-300x300.jpg",300,300,true],"medium_large":["https:\/\/xn--uascoquetas-1db.co\/wp-content\/uploads\/2023\/10\/BBB-097-800X800_Mesa-de-trabajo-1-768x768.jpg",640,640,true],"large":["https:\/\/xn--uascoquetas-1db.co\/wp-content\/uploads\/2023\/10\/BBB-097-800X800_Mesa-de-trabajo-1.jpg",640,640,false],"1536x1536":["https:\/\/xn--uascoquetas-1db.co\/wp-content\/uploads\/2023\/10\/BBB-097-800X800_Mesa-de-trabajo-1.jpg",800,800,false],"2048x2048":["https:\/\/xn--uascoquetas-1db.co\/wp-content\/uploads\/2023\/10\/BBB-097-800X800_Mesa-de-trabajo-1.jpg",800,800,false],"post_slider_layout_landscape_large":["https:\/\/xn--uascoquetas-1db.co\/wp-content\/uploads\/2023\/10\/BBB-097-800X800_Mesa-de-trabajo-1.jpg",800,800,false],"post_slider_layout_portrait_large":["https:\/\/xn--uascoquetas-1db.co\/wp-content\/uploads\/2023\/10\/BBB-097-800X800_Mesa-de-trabajo-1.jpg",800,800,false],"post_slider_layout_square_large":["https:\/\/xn--uascoquetas-1db.co\/wp-content\/uploads\/2023\/10\/BBB-097-800X800_Mesa-de-trabajo-1.jpg",800,800,false],"post_slider_layout_landscape":["https:\/\/xn--uascoquetas-1db.co\/wp-content\/uploads\/2023\/10\/BBB-097-800X800_Mesa-de-trabajo-1.jpg",400,400,false],"post_slider_layout_portrait":["https:\/\/xn--uascoquetas-1db.co\/wp-content\/uploads\/2023\/10\/BBB-097-800X800_Mesa-de-trabajo-1.jpg",600,600,false],"post_slider_layout_square":["https:\/\/xn--uascoquetas-1db.co\/wp-content\/uploads\/2023\/10\/BBB-097-800X800_Mesa-de-trabajo-1.jpg",600,600,false],"vw-kids-homepage-thumb":["https:\/\/xn--uascoquetas-1db.co\/wp-content\/uploads\/2023\/10\/BBB-097-800X800_Mesa-de-trabajo-1.jpg",145,145,false],"woocommerce_thumbnail":["https:\/\/xn--uascoquetas-1db.co\/wp-content\/uploads\/2023\/10\/BBB-097-800X800_Mesa-de-trabajo-1-300x300.jpg",300,300,true],"woocommerce_single":["https:\/\/xn--uascoquetas-1db.co\/wp-content\/uploads\/2023\/10\/BBB-097-800X800_Mesa-de-trabajo-1-600x600.jpg",600,600,true],"woocommerce_gallery_thumbnail":["https:\/\/xn--uascoquetas-1db.co\/wp-content\/uploads\/2023\/10\/BBB-097-800X800_Mesa-de-trabajo-1-100x100.jpg",100,100,true],"variation_swatches_image_size":["https:\/\/xn--uascoquetas-1db.co\/wp-content\/uploads\/2023\/10\/BBB-097-800X800_Mesa-de-trabajo-1.jpg",50,50,false],"variation_swatches_tooltip_size":["https:\/\/xn--uascoquetas-1db.co\/wp-content\/uploads\/2023\/10\/BBB-097-800X800_Mesa-de-trabajo-1.jpg",100,100,false]},"uagb_author_info":{"display_name":"U\u00f1as Coquetas","author_link":"https:\/\/xn--uascoquetas-1db.co\/?author=0"},"uagb_comment_info":0,"uagb_excerpt":"Placa met\u00e1lica para estampar, marca Beauty Big Bang con hermosos dise\u00f1os de vitrales.","jetpack_sharing_enabled":true,"jetpack-related-posts":[{"id":5748,"url":"https:\/\/xn--uascoquetas-1db.co\/?product=placa-metalica-beauty-big-bang-074","url_meta":{"origin":5752,"position":0},"title":"Placa Met\u00e1lica Beauty Big Bang 074","author":"U\u00f1as Coquetas","date":"03\/10\/2023","format":false,"excerpt":"Placa met\u00e1lica para estampar, marca Beauty Big Bang con hermosos dise\u00f1os de arabescos.","rel":"","context":"Entrada similar","block_context":{"text":"Entrada similar","link":""},"img":{"alt_text":"bbbb 74","src":"https:\/\/i0.wp.com\/xn--uascoquetas-1db.co\/wp-content\/uploads\/2023\/10\/BBB-74-800XX800_Mesa-de-trabajo-1.jpg?resize=350%2C200&ssl=1","width":350,"height":200,"srcset":"https:\/\/i0.wp.com\/xn--uascoquetas-1db.co\/wp-content\/uploads\/2023\/10\/BBB-74-800XX800_Mesa-de-trabajo-1.jpg?resize=350%2C200&ssl=1 1x, https:\/\/i0.wp.com\/xn--uascoquetas-1db.co\/wp-content\/uploads\/2023\/10\/BBB-74-800XX800_Mesa-de-trabajo-1.jpg?resize=525%2C300&ssl=1 1.5x, https:\/\/i0.wp.com\/xn--uascoquetas-1db.co\/wp-content\/uploads\/2023\/10\/BBB-74-800XX800_Mesa-de-trabajo-1.jpg?resize=700%2C400&ssl=1 2x"},"classes":[]},{"id":5750,"url":"https:\/\/xn--uascoquetas-1db.co\/?product=placa-metalica-beauty-big-bang-076","url_meta":{"origin":5752,"position":1},"title":"Placa Met\u00e1lica Beauty Big Bang 076","author":"U\u00f1as Coquetas","date":"03\/10\/2023","format":false,"excerpt":"Placa met\u00e1lica para estampar, marca Beauty Big Bang con hermosos dise\u00f1os de arabescos.","rel":"","context":"Entrada similar","block_context":{"text":"Entrada similar","link":""},"img":{"alt_text":"bbb 76","src":"https:\/\/i0.wp.com\/xn--uascoquetas-1db.co\/wp-content\/uploads\/2023\/10\/BBB-76-800X800_Mesa-de-trabajo-1.jpg?resize=350%2C200&ssl=1","width":350,"height":200,"srcset":"https:\/\/i0.wp.com\/xn--uascoquetas-1db.co\/wp-content\/uploads\/2023\/10\/BBB-76-800X800_Mesa-de-trabajo-1.jpg?resize=350%2C200&ssl=1 1x, https:\/\/i0.wp.com\/xn--uascoquetas-1db.co\/wp-content\/uploads\/2023\/10\/BBB-76-800X800_Mesa-de-trabajo-1.jpg?resize=525%2C300&ssl=1 1.5x, https:\/\/i0.wp.com\/xn--uascoquetas-1db.co\/wp-content\/uploads\/2023\/10\/BBB-76-800X800_Mesa-de-trabajo-1.jpg?resize=700%2C400&ssl=1 2x"},"classes":[]},{"id":7083,"url":"https:\/\/xn--uascoquetas-1db.co\/?product=bbb-xl-flowers-001-placa-metalica-beauty-big-bang","url_meta":{"origin":5752,"position":2},"title":"BBB XL Flowers 001 &#8211; Placa met\u00e1lica &#8211; Beauty Big Bang","author":"U\u00f1as Coquetas","date":"12\/12\/2023","format":false,"excerpt":"Placa met\u00e1lica para estampar u\u00f1as, marca Extranjera Beauty Big Bang con hermosas figuras de flores.","rel":"","context":"Entrada similar","block_context":{"text":"Entrada similar","link":""},"img":{"alt_text":"BBB XL Flowers 001","src":"https:\/\/i0.wp.com\/xn--uascoquetas-1db.co\/wp-content\/uploads\/2023\/12\/FLOWERS-XL-01_800-PX.jpg?resize=350%2C200&ssl=1","width":350,"height":200,"srcset":"https:\/\/i0.wp.com\/xn--uascoquetas-1db.co\/wp-content\/uploads\/2023\/12\/FLOWERS-XL-01_800-PX.jpg?resize=350%2C200&ssl=1 1x, https:\/\/i0.wp.com\/xn--uascoquetas-1db.co\/wp-content\/uploads\/2023\/12\/FLOWERS-XL-01_800-PX.jpg?resize=525%2C300&ssl=1 1.5x, https:\/\/i0.wp.com\/xn--uascoquetas-1db.co\/wp-content\/uploads\/2023\/12\/FLOWERS-XL-01_800-PX.jpg?resize=700%2C400&ssl=1 2x"},"classes":[]},{"id":7077,"url":"https:\/\/xn--uascoquetas-1db.co\/?product=bbb-animals-xl-002-gatos-placa-metalica-beauty-big-bang","url_meta":{"origin":5752,"position":3},"title":"BBB Animals XL 002 Gatos &#8211; Placa met\u00e1lica &#8211; Beauty Big Bang","author":"U\u00f1as Coquetas","date":"12\/12\/2023","format":false,"excerpt":"Placa met\u00e1lica para estampar u\u00f1as, marca Extranjera Beauty Big Bang con hermosas figuras de animales, gatos tiernos.","rel":"","context":"Entrada similar","block_context":{"text":"Entrada similar","link":""},"img":{"alt_text":"Animals 002","src":"https:\/\/i0.wp.com\/xn--uascoquetas-1db.co\/wp-content\/uploads\/2023\/12\/BBB-ANIMALS-XL-002_800-PX.jpg?resize=350%2C200&ssl=1","width":350,"height":200,"srcset":"https:\/\/i0.wp.com\/xn--uascoquetas-1db.co\/wp-content\/uploads\/2023\/12\/BBB-ANIMALS-XL-002_800-PX.jpg?resize=350%2C200&ssl=1 1x, https:\/\/i0.wp.com\/xn--uascoquetas-1db.co\/wp-content\/uploads\/2023\/12\/BBB-ANIMALS-XL-002_800-PX.jpg?resize=525%2C300&ssl=1 1.5x, https:\/\/i0.wp.com\/xn--uascoquetas-1db.co\/wp-content\/uploads\/2023\/12\/BBB-ANIMALS-XL-002_800-PX.jpg?resize=700%2C400&ssl=1 2x"},"classes":[]},{"id":7079,"url":"https:\/\/xn--uascoquetas-1db.co\/?product=bbb-animals-xl-007-dinosaurios-placa-metalica-beauty-big-bang","url_meta":{"origin":5752,"position":4},"title":"BBB Animals XL 007 Dinosaurios &#8211; Placa met\u00e1lica &#8211; Beauty Big Bang","author":"U\u00f1as Coquetas","date":"12\/12\/2023","format":false,"excerpt":"Placa met\u00e1lica para estampar u\u00f1as, marca Extranjera Beauty Big Bang con hermosas figuras de animales, dinosaurios tiernos.","rel":"","context":"Entrada similar","block_context":{"text":"Entrada similar","link":""},"img":{"alt_text":"BBB Christmas XL 002","src":"https:\/\/i0.wp.com\/xn--uascoquetas-1db.co\/wp-content\/uploads\/2023\/12\/XL-ANIMALS-007_800-PX.jpg?resize=350%2C200&ssl=1","width":350,"height":200,"srcset":"https:\/\/i0.wp.com\/xn--uascoquetas-1db.co\/wp-content\/uploads\/2023\/12\/XL-ANIMALS-007_800-PX.jpg?resize=350%2C200&ssl=1 1x, https:\/\/i0.wp.com\/xn--uascoquetas-1db.co\/wp-content\/uploads\/2023\/12\/XL-ANIMALS-007_800-PX.jpg?resize=525%2C300&ssl=1 1.5x, https:\/\/i0.wp.com\/xn--uascoquetas-1db.co\/wp-content\/uploads\/2023\/12\/XL-ANIMALS-007_800-PX.jpg?resize=700%2C400&ssl=1 2x"},"classes":[]},{"id":7081,"url":"https:\/\/xn--uascoquetas-1db.co\/?product=bbb-christmas-xl-002-placa-metalica-beauty-big-bang","url_meta":{"origin":5752,"position":5},"title":"BBB Christmas XL 002 &#8211; Placa met\u00e1lica &#8211; Beauty Big Bang","author":"U\u00f1as Coquetas","date":"12\/12\/2023","format":false,"excerpt":"Placa met\u00e1lica para estampar u\u00f1as, marca Extranjera Beauty Big Bang con hermosas figuras de navidad, renos, mu\u00f1ecos de nieve,\u00a0 copitos, osos","rel":"","context":"Entrada similar","block_context":{"text":"Entrada similar","link":""},"img":{"alt_text":"BBB Christmas XL 002","src":"https:\/\/i0.wp.com\/xn--uascoquetas-1db.co\/wp-content\/uploads\/2023\/12\/CHRISTMAS-XL-02_800-PX.jpg?resize=350%2C200&ssl=1","width":350,"height":200,"srcset":"https:\/\/i0.wp.com\/xn--uascoquetas-1db.co\/wp-content\/uploads\/2023\/12\/CHRISTMAS-XL-02_800-PX.jpg?resize=350%2C200&ssl=1 1x, https:\/\/i0.wp.com\/xn--uascoquetas-1db.co\/wp-content\/uploads\/2023\/12\/CHRISTMAS-XL-02_800-PX.jpg?resize=525%2C300&ssl=1 1.5x, https:\/\/i0.wp.com\/xn--uascoquetas-1db.co\/wp-content\/uploads\/2023\/12\/CHRISTMAS-XL-02_800-PX.jpg?resize=700%2C400&ssl=1 2x"},"classes":[]}],"_links":{"self":[{"href":"https:\/\/xn--uascoquetas-1db.co\/index.php?rest_route=\/wp\/v2\/product\/5752","targetHints":{"allow":["GET"]}}],"collection":[{"href":"https:\/\/xn--uascoquetas-1db.co\/index.php?rest_route=\/wp\/v2\/product"}],"about":[{"href":"https:\/\/xn--uascoquetas-1db.co\/index.php?rest_route=\/wp\/v2\/types\/product"}],"replies":[{"embeddable":true,"href":"https:\/\/xn--uascoquetas-1db.co\/index.php?rest_route=%2Fwp%2Fv2%2Fcomments&post=5752"}],"wp:featuredmedia":[{"embeddable":true,"href":"https:\/\/xn--uascoquetas-1db.co\/index.php?rest_route=\/wp\/v2\/media\/5753"}],"wp:attachment":[{"href":"https:\/\/xn--uascoquetas-1db.co\/index.php?rest_route=%2Fwp%2Fv2%2Fmedia&parent=5752"}],"wp:term":[{"taxonomy":"product_brand","embeddable":true,"href":"https:\/\/xn--uascoquetas-1db.co\/index.php?rest_route=%2Fwp%2Fv2%2Fproduct_brand&post=5752"},{"taxonomy":"product_cat","embeddable":true,"href":"https:\/\/xn--uascoquetas-1db.co\/index.php?rest_route=%2Fwp%2Fv2%2Fproduct_cat&post=5752"},{"taxonomy":"product_tag","embeddable":true,"href":"https:\/\/xn--uascoquetas-1db.co\/index.php?rest_route=%2Fwp%2Fv2%2Fproduct_tag&post=5752"}],"curies":[{"name":"wp","href":"https:\/\/api.w.org\/{rel}","templated":true}]}}