{"id":5783,"date":"2023-10-04T10:52:37","date_gmt":"2023-10-04T15:52:37","guid":{"rendered":"https:\/\/xn--uascoquetas-1db.co\/?post_type=product&#038;p=5783"},"modified":"2024-08-13T08:39:34","modified_gmt":"2024-08-13T13:39:34","slug":"lampara-uv-led-plateado-linterna-uv","status":"publish","type":"product","link":"https:\/\/xn--uascoquetas-1db.co\/?product=lampara-uv-led-plateado-linterna-uv","title":{"rendered":"L\u00e1mpara UV led  plateado &#8211; Linterna UV"},"content":{"rendered":"<p>Una (1) Mini linterna LED l\u00e1mpara UV<\/p>\n<h2>DESCRIPCI\u00d3N<\/h2>\n<p>Bombilla: 9 LED<br \/>\nBater\u00eda: 3&#215;1,5 V AAA (no incluida)<br \/>\nDi\u00e1metro: 0,94 \u00ab\/2,4 cm<br \/>\nLongitud: 3,34 \u00ab\/8,5 cm<br \/>\nColores del mango a elecci\u00f3n en la lista desplegable.<\/p>\n<h2>USO<\/h2>\n<p>Se puede utilizar para fijar esmalte de u\u00f1as y varios tipos de productos UV, como UV Top Coat \/ UV Builder Gel \/ etc.<br \/>\nSe puede utilizar para verificar los dise\u00f1os de u\u00f1as con pigmentos ne\u00f3n y\/o recargar pigmentos fotosensibles.<br \/>\n9 LED, bajo consumo de energ\u00eda, ultra brillante, visible a larga distancia.<br \/>\nSe puede utilizar tanto para manos como para pies.<br \/>\nPeso ligero, compacto y f\u00e1cil de transportar.<br \/>\nCon la correa negra para facilitar transporte.<\/p>\n","protected":false},"excerpt":{"rendered":"<table width=\"375\">\n<tbody>\n<tr>\n<td width=\"375\">Linterna UV marca Extranjera Gen\u00e9rica, para curado de gel polish y goma para asegurar sticker<\/td>\n<\/tr>\n<\/tbody>\n<\/table>\n","protected":false},"featured_media":5784,"comment_status":"open","ping_status":"closed","template":"","meta":{"_regular_price":["12900"],"currency_symbol":[],"_uag_custom_page_level_css":""},"product_brand":[],"product_cat":[47,49],"product_tag":[193,188,192],"class_list":{"0":"post-5783","1":"product","2":"type-product","3":"status-publish","4":"has-post-thumbnail","6":"product_cat-materiales","7":"product_cat-semipermanente","8":"product_tag-lamparas","9":"product_tag-materiales","10":"product_tag-semipermanente","11":"product_shipping_class-paquete-pequeno","13":"first","14":"instock","15":"purchasable","16":"product-type-simple"},"post_slider_layout_featured_media_urls":{"thumbnail":["https:\/\/xn--uascoquetas-1db.co\/wp-content\/uploads\/2023\/10\/Plateada-portada-800x800_Mesa-de-trabajo-1-150x150.jpg",150,150,true],"post_slider_layout_landscape_large":["https:\/\/xn--uascoquetas-1db.co\/wp-content\/uploads\/2023\/10\/Plateada-portada-800x800_Mesa-de-trabajo-1.jpg",800,800,false],"post_slider_layout_portrait_large":["https:\/\/xn--uascoquetas-1db.co\/wp-content\/uploads\/2023\/10\/Plateada-portada-800x800_Mesa-de-trabajo-1.jpg",800,800,false],"post_slider_layout_square_large":["https:\/\/xn--uascoquetas-1db.co\/wp-content\/uploads\/2023\/10\/Plateada-portada-800x800_Mesa-de-trabajo-1.jpg",800,800,false],"post_slider_layout_landscape":["https:\/\/xn--uascoquetas-1db.co\/wp-content\/uploads\/2023\/10\/Plateada-portada-800x800_Mesa-de-trabajo-1.jpg",400,400,false],"post_slider_layout_portrait":["https:\/\/xn--uascoquetas-1db.co\/wp-content\/uploads\/2023\/10\/Plateada-portada-800x800_Mesa-de-trabajo-1.jpg",600,600,false],"post_slider_layout_square":["https:\/\/xn--uascoquetas-1db.co\/wp-content\/uploads\/2023\/10\/Plateada-portada-800x800_Mesa-de-trabajo-1.jpg",600,600,false],"full":["https:\/\/xn--uascoquetas-1db.co\/wp-content\/uploads\/2023\/10\/Plateada-portada-800x800_Mesa-de-trabajo-1.jpg",800,800,false]},"uagb_featured_image_src":{"full":["https:\/\/xn--uascoquetas-1db.co\/wp-content\/uploads\/2023\/10\/Plateada-portada-800x800_Mesa-de-trabajo-1.jpg",800,800,false],"thumbnail":["https:\/\/xn--uascoquetas-1db.co\/wp-content\/uploads\/2023\/10\/Plateada-portada-800x800_Mesa-de-trabajo-1-150x150.jpg",150,150,true],"medium":["https:\/\/xn--uascoquetas-1db.co\/wp-content\/uploads\/2023\/10\/Plateada-portada-800x800_Mesa-de-trabajo-1-300x300.jpg",300,300,true],"medium_large":["https:\/\/xn--uascoquetas-1db.co\/wp-content\/uploads\/2023\/10\/Plateada-portada-800x800_Mesa-de-trabajo-1-768x768.jpg",640,640,true],"large":["https:\/\/xn--uascoquetas-1db.co\/wp-content\/uploads\/2023\/10\/Plateada-portada-800x800_Mesa-de-trabajo-1.jpg",640,640,false],"1536x1536":["https:\/\/xn--uascoquetas-1db.co\/wp-content\/uploads\/2023\/10\/Plateada-portada-800x800_Mesa-de-trabajo-1.jpg",800,800,false],"2048x2048":["https:\/\/xn--uascoquetas-1db.co\/wp-content\/uploads\/2023\/10\/Plateada-portada-800x800_Mesa-de-trabajo-1.jpg",800,800,false],"post_slider_layout_landscape_large":["https:\/\/xn--uascoquetas-1db.co\/wp-content\/uploads\/2023\/10\/Plateada-portada-800x800_Mesa-de-trabajo-1.jpg",800,800,false],"post_slider_layout_portrait_large":["https:\/\/xn--uascoquetas-1db.co\/wp-content\/uploads\/2023\/10\/Plateada-portada-800x800_Mesa-de-trabajo-1.jpg",800,800,false],"post_slider_layout_square_large":["https:\/\/xn--uascoquetas-1db.co\/wp-content\/uploads\/2023\/10\/Plateada-portada-800x800_Mesa-de-trabajo-1.jpg",800,800,false],"post_slider_layout_landscape":["https:\/\/xn--uascoquetas-1db.co\/wp-content\/uploads\/2023\/10\/Plateada-portada-800x800_Mesa-de-trabajo-1.jpg",400,400,false],"post_slider_layout_portrait":["https:\/\/xn--uascoquetas-1db.co\/wp-content\/uploads\/2023\/10\/Plateada-portada-800x800_Mesa-de-trabajo-1.jpg",600,600,false],"post_slider_layout_square":["https:\/\/xn--uascoquetas-1db.co\/wp-content\/uploads\/2023\/10\/Plateada-portada-800x800_Mesa-de-trabajo-1.jpg",600,600,false],"vw-kids-homepage-thumb":["https:\/\/xn--uascoquetas-1db.co\/wp-content\/uploads\/2023\/10\/Plateada-portada-800x800_Mesa-de-trabajo-1.jpg",145,145,false],"woocommerce_thumbnail":["https:\/\/xn--uascoquetas-1db.co\/wp-content\/uploads\/2023\/10\/Plateada-portada-800x800_Mesa-de-trabajo-1-300x300.jpg",300,300,true],"woocommerce_single":["https:\/\/xn--uascoquetas-1db.co\/wp-content\/uploads\/2023\/10\/Plateada-portada-800x800_Mesa-de-trabajo-1-600x600.jpg",600,600,true],"woocommerce_gallery_thumbnail":["https:\/\/xn--uascoquetas-1db.co\/wp-content\/uploads\/2023\/10\/Plateada-portada-800x800_Mesa-de-trabajo-1-100x100.jpg",100,100,true],"variation_swatches_image_size":["https:\/\/xn--uascoquetas-1db.co\/wp-content\/uploads\/2023\/10\/Plateada-portada-800x800_Mesa-de-trabajo-1.jpg",50,50,false],"variation_swatches_tooltip_size":["https:\/\/xn--uascoquetas-1db.co\/wp-content\/uploads\/2023\/10\/Plateada-portada-800x800_Mesa-de-trabajo-1.jpg",100,100,false]},"uagb_author_info":{"display_name":"U\u00f1as Coquetas","author_link":"https:\/\/xn--uascoquetas-1db.co\/?author=0"},"uagb_comment_info":0,"uagb_excerpt":"Linterna UV marca Extranjera Gen\u00e9rica, para curado de gel polish y goma para asegurar sticker","jetpack_sharing_enabled":true,"jetpack-related-posts":[{"id":5781,"url":"https:\/\/xn--uascoquetas-1db.co\/?product=lampara-uv-led-con-goma-azul-celeste-linterna-uv","url_meta":{"origin":5783,"position":0},"title":"L\u00e1mpara UV led con goma, azul celeste &#8211; Linterna UV","author":"U\u00f1as Coquetas","date":"04\/10\/2023","format":false,"excerpt":"Linterna UV marca Extranjera Gen\u00e9rica, para curado de gel polish y goma para asegurar sticker","rel":"","context":"Entrada similar","block_context":{"text":"Entrada similar","link":""},"img":{"alt_text":"Linterna goma","src":"https:\/\/i0.wp.com\/xn--uascoquetas-1db.co\/wp-content\/uploads\/2023\/10\/Linterna-Azul-Goma-800x800_Mesa-de-trabajo-1.jpg?resize=350%2C200&ssl=1","width":350,"height":200,"srcset":"https:\/\/i0.wp.com\/xn--uascoquetas-1db.co\/wp-content\/uploads\/2023\/10\/Linterna-Azul-Goma-800x800_Mesa-de-trabajo-1.jpg?resize=350%2C200&ssl=1 1x, https:\/\/i0.wp.com\/xn--uascoquetas-1db.co\/wp-content\/uploads\/2023\/10\/Linterna-Azul-Goma-800x800_Mesa-de-trabajo-1.jpg?resize=525%2C300&ssl=1 1.5x, https:\/\/i0.wp.com\/xn--uascoquetas-1db.co\/wp-content\/uploads\/2023\/10\/Linterna-Azul-Goma-800x800_Mesa-de-trabajo-1.jpg?resize=700%2C400&ssl=1 2x"},"classes":[]},{"id":9415,"url":"https:\/\/xn--uascoquetas-1db.co\/?product=transparente-gel-semicurado-generico-incluye-lampara-uv","url_meta":{"origin":5783,"position":1},"title":"Transparente &#8211; Gel semicurado &#8211; Gen\u00e9rico Incluye L\u00e1mpara UV","author":"U\u00f1as Coquetas","date":"07\/11\/2024","format":false,"excerpt":"L\u00e1mina gel\u00a0 para u\u00f1as marca Colombiana Dunigel D'universe colors con figuras de Dunigel tono claro con glitter fino.","rel":"","context":"Entrada similar","block_context":{"text":"Entrada similar","link":""},"img":{"alt_text":"","src":"https:\/\/i0.wp.com\/xn--uascoquetas-1db.co\/wp-content\/uploads\/2024\/11\/Gel-tr.-lampara-Uv.jpg?resize=350%2C200&ssl=1","width":350,"height":200,"srcset":"https:\/\/i0.wp.com\/xn--uascoquetas-1db.co\/wp-content\/uploads\/2024\/11\/Gel-tr.-lampara-Uv.jpg?resize=350%2C200&ssl=1 1x, https:\/\/i0.wp.com\/xn--uascoquetas-1db.co\/wp-content\/uploads\/2024\/11\/Gel-tr.-lampara-Uv.jpg?resize=525%2C300&ssl=1 1.5x, https:\/\/i0.wp.com\/xn--uascoquetas-1db.co\/wp-content\/uploads\/2024\/11\/Gel-tr.-lampara-Uv.jpg?resize=700%2C400&ssl=1 2x"},"classes":[]},{"id":8625,"url":"https:\/\/xn--uascoquetas-1db.co\/?product=gel-polish-de-7-ml-masglo","url_meta":{"origin":5783,"position":2},"title":"Gel Polish de 7 ml &#8211; Masglo Tonos c\u00e1lidos","author":"U\u00f1as Coquetas","date":"19\/07\/2024","format":false,"excerpt":"Esmalte gel, para sistema semipermanente. Requiere uso de L\u00e1mpara UV\/LED. DESCRIPCI\u00d3N Esmalte de 7 ml. Formulaci\u00f3n 10 free. Seca en 60 segundos en la l\u00e1mpara UV LED. Alta pigmentaci\u00f3n. Hasta 30 d\u00edas de duraci\u00f3n. F\u00e1cil aplicaci\u00f3n: Textura homog\u00e9nea, f\u00e1cil de aplicar y nivelar, sin recogimiento. F\u00e1cil Remoci\u00f3n: Remueve aproximadamente en\u2026","rel":"","context":"Entrada similar","block_context":{"text":"Entrada similar","link":""},"img":{"alt_text":"","src":"https:\/\/i0.wp.com\/xn--uascoquetas-1db.co\/wp-content\/uploads\/2024\/07\/Mediatica-01.jpg?resize=350%2C200&ssl=1","width":350,"height":200,"srcset":"https:\/\/i0.wp.com\/xn--uascoquetas-1db.co\/wp-content\/uploads\/2024\/07\/Mediatica-01.jpg?resize=350%2C200&ssl=1 1x, https:\/\/i0.wp.com\/xn--uascoquetas-1db.co\/wp-content\/uploads\/2024\/07\/Mediatica-01.jpg?resize=525%2C300&ssl=1 1.5x, https:\/\/i0.wp.com\/xn--uascoquetas-1db.co\/wp-content\/uploads\/2024\/07\/Mediatica-01.jpg?resize=700%2C400&ssl=1 2x"},"classes":[]},{"id":8668,"url":"https:\/\/xn--uascoquetas-1db.co\/?product=gel-polish-de-7-ml-masglo-2","url_meta":{"origin":5783,"position":3},"title":"Gel Polish de 7 ml &#8211; Masglo","author":"U\u00f1as Coquetas","date":"19\/07\/2024","format":false,"excerpt":"Esmalte tradicional marca Colombiana Masglo tono Gel Polish de 7 ml","rel":"","context":"Entrada similar","block_context":{"text":"Entrada similar","link":""},"img":{"alt_text":"","src":"https:\/\/i0.wp.com\/xn--uascoquetas-1db.co\/wp-content\/uploads\/2024\/07\/2.0-Con-fundas-01-01.jpg?resize=350%2C200&ssl=1","width":350,"height":200,"srcset":"https:\/\/i0.wp.com\/xn--uascoquetas-1db.co\/wp-content\/uploads\/2024\/07\/2.0-Con-fundas-01-01.jpg?resize=350%2C200&ssl=1 1x, https:\/\/i0.wp.com\/xn--uascoquetas-1db.co\/wp-content\/uploads\/2024\/07\/2.0-Con-fundas-01-01.jpg?resize=525%2C300&ssl=1 1.5x, https:\/\/i0.wp.com\/xn--uascoquetas-1db.co\/wp-content\/uploads\/2024\/07\/2.0-Con-fundas-01-01.jpg?resize=700%2C400&ssl=1 2x"},"classes":[]},{"id":8681,"url":"https:\/\/xn--uascoquetas-1db.co\/?product=top-gel-polish-de-14-ml-masglo","url_meta":{"origin":5783,"position":4},"title":"Top Gel Polish de 14 ml &#8211; Masglo","author":"U\u00f1as Coquetas","date":"19\/07\/2024","format":false,"excerpt":"Esmalte tradicional marca Colombiana Masglo tono Gel Polish de 7 ml","rel":"","context":"Entrada similar","block_context":{"text":"Entrada similar","link":""},"img":{"alt_text":"","src":"https:\/\/i0.wp.com\/xn--uascoquetas-1db.co\/wp-content\/uploads\/2024\/07\/Top-brillo-01.jpg?resize=350%2C200&ssl=1","width":350,"height":200,"srcset":"https:\/\/i0.wp.com\/xn--uascoquetas-1db.co\/wp-content\/uploads\/2024\/07\/Top-brillo-01.jpg?resize=350%2C200&ssl=1 1x, https:\/\/i0.wp.com\/xn--uascoquetas-1db.co\/wp-content\/uploads\/2024\/07\/Top-brillo-01.jpg?resize=525%2C300&ssl=1 1.5x, https:\/\/i0.wp.com\/xn--uascoquetas-1db.co\/wp-content\/uploads\/2024\/07\/Top-brillo-01.jpg?resize=700%2C400&ssl=1 2x, https:\/\/i0.wp.com\/xn--uascoquetas-1db.co\/wp-content\/uploads\/2024\/07\/Top-brillo-01.jpg?resize=1050%2C600&ssl=1 3x"},"classes":[]},{"id":8657,"url":"https:\/\/xn--uascoquetas-1db.co\/?product=gel-polish-de-7-ml-masglo-tonos-frios","url_meta":{"origin":5783,"position":5},"title":"Gel Polish de 7 ml &#8211; Masglo Tonos fr\u00edos","author":"U\u00f1as Coquetas","date":"19\/07\/2024","format":false,"excerpt":"Esmalte tradicional marca Colombiana Masglo tono Gel Polish de 7 ml","rel":"","context":"Entrada similar","block_context":{"text":"Entrada similar","link":""},"img":{"alt_text":"","src":"https:\/\/i0.wp.com\/xn--uascoquetas-1db.co\/wp-content\/uploads\/2024\/07\/Emotiva-01.jpg?resize=350%2C200&ssl=1","width":350,"height":200,"srcset":"https:\/\/i0.wp.com\/xn--uascoquetas-1db.co\/wp-content\/uploads\/2024\/07\/Emotiva-01.jpg?resize=350%2C200&ssl=1 1x, https:\/\/i0.wp.com\/xn--uascoquetas-1db.co\/wp-content\/uploads\/2024\/07\/Emotiva-01.jpg?resize=525%2C300&ssl=1 1.5x, https:\/\/i0.wp.com\/xn--uascoquetas-1db.co\/wp-content\/uploads\/2024\/07\/Emotiva-01.jpg?resize=700%2C400&ssl=1 2x"},"classes":[]}],"_links":{"self":[{"href":"https:\/\/xn--uascoquetas-1db.co\/index.php?rest_route=\/wp\/v2\/product\/5783","targetHints":{"allow":["GET"]}}],"collection":[{"href":"https:\/\/xn--uascoquetas-1db.co\/index.php?rest_route=\/wp\/v2\/product"}],"about":[{"href":"https:\/\/xn--uascoquetas-1db.co\/index.php?rest_route=\/wp\/v2\/types\/product"}],"replies":[{"embeddable":true,"href":"https:\/\/xn--uascoquetas-1db.co\/index.php?rest_route=%2Fwp%2Fv2%2Fcomments&post=5783"}],"wp:featuredmedia":[{"embeddable":true,"href":"https:\/\/xn--uascoquetas-1db.co\/index.php?rest_route=\/wp\/v2\/media\/5784"}],"wp:attachment":[{"href":"https:\/\/xn--uascoquetas-1db.co\/index.php?rest_route=%2Fwp%2Fv2%2Fmedia&parent=5783"}],"wp:term":[{"taxonomy":"product_brand","embeddable":true,"href":"https:\/\/xn--uascoquetas-1db.co\/index.php?rest_route=%2Fwp%2Fv2%2Fproduct_brand&post=5783"},{"taxonomy":"product_cat","embeddable":true,"href":"https:\/\/xn--uascoquetas-1db.co\/index.php?rest_route=%2Fwp%2Fv2%2Fproduct_cat&post=5783"},{"taxonomy":"product_tag","embeddable":true,"href":"https:\/\/xn--uascoquetas-1db.co\/index.php?rest_route=%2Fwp%2Fv2%2Fproduct_tag&post=5783"}],"curies":[{"name":"wp","href":"https:\/\/api.w.org\/{rel}","templated":true}]}}