{"id":7867,"date":"2024-04-18T18:35:08","date_gmt":"2024-04-18T23:35:08","guid":{"rendered":"https:\/\/xn--uascoquetas-1db.co\/?post_type=product&#038;p=7867"},"modified":"2024-04-18T18:43:39","modified_gmt":"2024-04-18T23:43:39","slug":"ricardo-vinotinto-admiss","status":"publish","type":"product","link":"https:\/\/xn--uascoquetas-1db.co\/?product=ricardo-vinotinto-admiss","title":{"rendered":"Ricardo &#8211; vinotinto &#8211; Admiss"},"content":{"rendered":"<p>Esmalte color de 10 ml<\/p>\n<h2>DESCRIPCI\u00d3N<\/h2>\n<p>Esmalte para u\u00f1as ADMISS 10 ML<br \/>\n5 free libre de:<br \/>\nTolueno<br \/>\nAlcanfor<br \/>\nFormaldeh\u00eddo<br \/>\nDibutil Ftalato<br \/>\nResina de formaldeh\u00eddo<br \/>\nBrocha Plana y Redondeada para f\u00e1cil aplicaci\u00f3n<br \/>\nHasta 5 d\u00edas de color y Brillo<br \/>\nBrillo Intenso<\/p>\n","protected":false},"excerpt":{"rendered":"<table width=\"375\">\n<tbody>\n<tr>\n<td width=\"375\">Esmalte tradicional marca Colombiana Admiss tono Ricardo &#8211; vinotinto<\/td>\n<\/tr>\n<\/tbody>\n<\/table>\n","protected":false},"featured_media":7868,"comment_status":"open","ping_status":"closed","template":"","meta":{"_regular_price":["4150"],"currency_symbol":[],"_uag_custom_page_level_css":""},"product_brand":[],"product_cat":[269,33,55],"product_tag":[271],"class_list":{"0":"post-7867","1":"product","2":"type-product","3":"status-publish","4":"has-post-thumbnail","6":"product_cat-color","7":"product_cat-esmaltes","8":"product_cat-esmaltes-tradicionales","9":"product_tag-esmalte-de-color","10":"product_shipping_class-paquete-pequeno","12":"first","13":"instock","14":"purchasable","15":"product-type-simple"},"post_slider_layout_featured_media_urls":{"thumbnail":["https:\/\/xn--uascoquetas-1db.co\/wp-content\/uploads\/2024\/04\/Ricardo-150x150.png",150,150,true],"post_slider_layout_landscape_large":["https:\/\/xn--uascoquetas-1db.co\/wp-content\/uploads\/2024\/04\/Ricardo.png",800,800,false],"post_slider_layout_portrait_large":["https:\/\/xn--uascoquetas-1db.co\/wp-content\/uploads\/2024\/04\/Ricardo.png",800,800,false],"post_slider_layout_square_large":["https:\/\/xn--uascoquetas-1db.co\/wp-content\/uploads\/2024\/04\/Ricardo.png",800,800,false],"post_slider_layout_landscape":["https:\/\/xn--uascoquetas-1db.co\/wp-content\/uploads\/2024\/04\/Ricardo.png",400,400,false],"post_slider_layout_portrait":["https:\/\/xn--uascoquetas-1db.co\/wp-content\/uploads\/2024\/04\/Ricardo.png",600,600,false],"post_slider_layout_square":["https:\/\/xn--uascoquetas-1db.co\/wp-content\/uploads\/2024\/04\/Ricardo.png",600,600,false],"full":["https:\/\/xn--uascoquetas-1db.co\/wp-content\/uploads\/2024\/04\/Ricardo.png",800,800,false]},"uagb_featured_image_src":{"full":["https:\/\/xn--uascoquetas-1db.co\/wp-content\/uploads\/2024\/04\/Ricardo.png",800,800,false],"thumbnail":["https:\/\/xn--uascoquetas-1db.co\/wp-content\/uploads\/2024\/04\/Ricardo-150x150.png",150,150,true],"medium":["https:\/\/xn--uascoquetas-1db.co\/wp-content\/uploads\/2024\/04\/Ricardo-300x300.png",300,300,true],"medium_large":["https:\/\/xn--uascoquetas-1db.co\/wp-content\/uploads\/2024\/04\/Ricardo-768x768.png",640,640,true],"large":["https:\/\/xn--uascoquetas-1db.co\/wp-content\/uploads\/2024\/04\/Ricardo.png",640,640,false],"1536x1536":["https:\/\/xn--uascoquetas-1db.co\/wp-content\/uploads\/2024\/04\/Ricardo.png",800,800,false],"2048x2048":["https:\/\/xn--uascoquetas-1db.co\/wp-content\/uploads\/2024\/04\/Ricardo.png",800,800,false],"post_slider_layout_landscape_large":["https:\/\/xn--uascoquetas-1db.co\/wp-content\/uploads\/2024\/04\/Ricardo.png",800,800,false],"post_slider_layout_portrait_large":["https:\/\/xn--uascoquetas-1db.co\/wp-content\/uploads\/2024\/04\/Ricardo.png",800,800,false],"post_slider_layout_square_large":["https:\/\/xn--uascoquetas-1db.co\/wp-content\/uploads\/2024\/04\/Ricardo.png",800,800,false],"post_slider_layout_landscape":["https:\/\/xn--uascoquetas-1db.co\/wp-content\/uploads\/2024\/04\/Ricardo.png",400,400,false],"post_slider_layout_portrait":["https:\/\/xn--uascoquetas-1db.co\/wp-content\/uploads\/2024\/04\/Ricardo.png",600,600,false],"post_slider_layout_square":["https:\/\/xn--uascoquetas-1db.co\/wp-content\/uploads\/2024\/04\/Ricardo.png",600,600,false],"vw-kids-homepage-thumb":["https:\/\/xn--uascoquetas-1db.co\/wp-content\/uploads\/2024\/04\/Ricardo.png",145,145,false],"woocommerce_thumbnail":["https:\/\/xn--uascoquetas-1db.co\/wp-content\/uploads\/2024\/04\/Ricardo-300x300.png",300,300,true],"woocommerce_single":["https:\/\/xn--uascoquetas-1db.co\/wp-content\/uploads\/2024\/04\/Ricardo-600x600.png",600,600,true],"woocommerce_gallery_thumbnail":["https:\/\/xn--uascoquetas-1db.co\/wp-content\/uploads\/2024\/04\/Ricardo-100x100.png",100,100,true],"variation_swatches_image_size":["https:\/\/xn--uascoquetas-1db.co\/wp-content\/uploads\/2024\/04\/Ricardo.png",50,50,false],"variation_swatches_tooltip_size":["https:\/\/xn--uascoquetas-1db.co\/wp-content\/uploads\/2024\/04\/Ricardo.png",100,100,false]},"uagb_author_info":{"display_name":"U\u00f1as Coquetas","author_link":"https:\/\/xn--uascoquetas-1db.co\/?author=0"},"uagb_comment_info":0,"uagb_excerpt":"Esmalte tradicional marca Colombiana Admiss tono Ricardo - vinotinto","jetpack_sharing_enabled":true,"jetpack-related-posts":[{"id":7869,"url":"https:\/\/xn--uascoquetas-1db.co\/?product=pacheco-blanco-traslucido-con-glitter-admiss","url_meta":{"origin":7867,"position":0},"title":"Pacheco &#8211; blanco trasl\u00facido con glitter &#8211; Admiss","author":"U\u00f1as Coquetas","date":"18\/04\/2024","format":false,"excerpt":"Esmalte tradicional marca Colombiana Admiss tono Pacheco - blanco trasl\u00facido con glitter","rel":"","context":"Entrada similar","block_context":{"text":"Entrada similar","link":""},"img":{"alt_text":"","src":"https:\/\/i0.wp.com\/xn--uascoquetas-1db.co\/wp-content\/uploads\/2024\/04\/Pacheco.png?resize=350%2C200&ssl=1","width":350,"height":200,"srcset":"https:\/\/i0.wp.com\/xn--uascoquetas-1db.co\/wp-content\/uploads\/2024\/04\/Pacheco.png?resize=350%2C200&ssl=1 1x, https:\/\/i0.wp.com\/xn--uascoquetas-1db.co\/wp-content\/uploads\/2024\/04\/Pacheco.png?resize=525%2C300&ssl=1 1.5x, https:\/\/i0.wp.com\/xn--uascoquetas-1db.co\/wp-content\/uploads\/2024\/04\/Pacheco.png?resize=700%2C400&ssl=1 2x"},"classes":[]},{"id":7936,"url":"https:\/\/xn--uascoquetas-1db.co\/?product=gel-long-lasting-12-ml-marylin","url_meta":{"origin":7867,"position":1},"title":"Gel long lasting 12 ml &#8211; Marylin","author":"U\u00f1as Coquetas","date":"25\/04\/2024","format":false,"excerpt":"Esmalte tradicional marca Colombiana Marylin tono Gel long lasting 12 ml","rel":"","context":"Entrada similar","block_context":{"text":"Entrada similar","link":""},"img":{"alt_text":"Gel long lasting 12 ml","src":"https:\/\/i0.wp.com\/xn--uascoquetas-1db.co\/wp-content\/uploads\/2024\/04\/109.-Gel-long-lasting.jpg?resize=350%2C200&ssl=1","width":350,"height":200,"srcset":"https:\/\/i0.wp.com\/xn--uascoquetas-1db.co\/wp-content\/uploads\/2024\/04\/109.-Gel-long-lasting.jpg?resize=350%2C200&ssl=1 1x, https:\/\/i0.wp.com\/xn--uascoquetas-1db.co\/wp-content\/uploads\/2024\/04\/109.-Gel-long-lasting.jpg?resize=525%2C300&ssl=1 1.5x, https:\/\/i0.wp.com\/xn--uascoquetas-1db.co\/wp-content\/uploads\/2024\/04\/109.-Gel-long-lasting.jpg?resize=700%2C400&ssl=1 2x"},"classes":[]},{"id":8841,"url":"https:\/\/xn--uascoquetas-1db.co\/?product=tonos-frios-marylin","url_meta":{"origin":7867,"position":2},"title":"Tonos fr\u00edos &#8211; Marylin","author":"U\u00f1as Coquetas","date":"29\/08\/2024","format":false,"excerpt":"Esmalte tradicional marca Colombiana Marylin tono Tonos fr\u00edos","rel":"","context":"Entrada similar","block_context":{"text":"Entrada similar","link":""},"img":{"alt_text":"","src":"https:\/\/i0.wp.com\/xn--uascoquetas-1db.co\/wp-content\/uploads\/2024\/08\/Tono-58-Azul-rey-metalizado.png?resize=350%2C200&ssl=1","width":350,"height":200,"srcset":"https:\/\/i0.wp.com\/xn--uascoquetas-1db.co\/wp-content\/uploads\/2024\/08\/Tono-58-Azul-rey-metalizado.png?resize=350%2C200&ssl=1 1x, https:\/\/i0.wp.com\/xn--uascoquetas-1db.co\/wp-content\/uploads\/2024\/08\/Tono-58-Azul-rey-metalizado.png?resize=525%2C300&ssl=1 1.5x, https:\/\/i0.wp.com\/xn--uascoquetas-1db.co\/wp-content\/uploads\/2024\/08\/Tono-58-Azul-rey-metalizado.png?resize=700%2C400&ssl=1 2x"},"classes":[]},{"id":11372,"url":"https:\/\/xn--uascoquetas-1db.co\/?product=coleccion-superestrella-duniverse-colors","url_meta":{"origin":7867,"position":3},"title":"Colecci\u00f3n Superestrella Duniverse Colors","author":"U\u00f1as Coquetas","date":"16\/03\/2026","format":false,"excerpt":"Esmaltes con efectos, secado al aire marca Colombiana D'universe Colors Colecci\u00f3n No. Superestrella, con tonos ojo de gato y reflectivos.","rel":"","context":"Entrada similar","block_context":{"text":"Entrada similar","link":""},"img":{"alt_text":"","src":"https:\/\/i0.wp.com\/xn--uascoquetas-1db.co\/wp-content\/uploads\/2026\/03\/Coleccion.jpg?resize=350%2C200&ssl=1","width":350,"height":200,"srcset":"https:\/\/i0.wp.com\/xn--uascoquetas-1db.co\/wp-content\/uploads\/2026\/03\/Coleccion.jpg?resize=350%2C200&ssl=1 1x, https:\/\/i0.wp.com\/xn--uascoquetas-1db.co\/wp-content\/uploads\/2026\/03\/Coleccion.jpg?resize=525%2C300&ssl=1 1.5x, https:\/\/i0.wp.com\/xn--uascoquetas-1db.co\/wp-content\/uploads\/2026\/03\/Coleccion.jpg?resize=700%2C400&ssl=1 2x"},"classes":[]},{"id":8821,"url":"https:\/\/xn--uascoquetas-1db.co\/?product=tonos-cafe-y-nude-marylin","url_meta":{"origin":7867,"position":4},"title":"Tonos caf\u00e9 y nude &#8211; Marylin","author":"U\u00f1as Coquetas","date":"29\/08\/2024","format":false,"excerpt":"Esmalte tradicional marca Colombiana Marylin tono Tonos caf\u00e9 y nude","rel":"","context":"Entrada similar","block_context":{"text":"Entrada similar","link":""},"img":{"alt_text":"Tono 183 marr\u00f3n","src":"https:\/\/i0.wp.com\/xn--uascoquetas-1db.co\/wp-content\/uploads\/2024\/08\/Tono-183-Marron-claro.png?resize=350%2C200&ssl=1","width":350,"height":200,"srcset":"https:\/\/i0.wp.com\/xn--uascoquetas-1db.co\/wp-content\/uploads\/2024\/08\/Tono-183-Marron-claro.png?resize=350%2C200&ssl=1 1x, https:\/\/i0.wp.com\/xn--uascoquetas-1db.co\/wp-content\/uploads\/2024\/08\/Tono-183-Marron-claro.png?resize=525%2C300&ssl=1 1.5x, https:\/\/i0.wp.com\/xn--uascoquetas-1db.co\/wp-content\/uploads\/2024\/08\/Tono-183-Marron-claro.png?resize=700%2C400&ssl=1 2x"},"classes":[]},{"id":7940,"url":"https:\/\/xn--uascoquetas-1db.co\/?product=tono-02-blanco-marylin","url_meta":{"origin":7867,"position":5},"title":"Tonos b\u00e1sicos a elecci\u00f3n &#8211; Marylin","author":"U\u00f1as Coquetas","date":"25\/04\/2024","format":false,"excerpt":"Esmalte tradicional marca Colombiana Marylin tono Tono 02 Blanco","rel":"","context":"Entrada similar","block_context":{"text":"Entrada similar","link":""},"img":{"alt_text":"Tono 02 Blanco","src":"https:\/\/i0.wp.com\/xn--uascoquetas-1db.co\/wp-content\/uploads\/2024\/04\/Tono-02.jpg?resize=350%2C200&ssl=1","width":350,"height":200,"srcset":"https:\/\/i0.wp.com\/xn--uascoquetas-1db.co\/wp-content\/uploads\/2024\/04\/Tono-02.jpg?resize=350%2C200&ssl=1 1x, https:\/\/i0.wp.com\/xn--uascoquetas-1db.co\/wp-content\/uploads\/2024\/04\/Tono-02.jpg?resize=525%2C300&ssl=1 1.5x, https:\/\/i0.wp.com\/xn--uascoquetas-1db.co\/wp-content\/uploads\/2024\/04\/Tono-02.jpg?resize=700%2C400&ssl=1 2x"},"classes":[]}],"_links":{"self":[{"href":"https:\/\/xn--uascoquetas-1db.co\/index.php?rest_route=\/wp\/v2\/product\/7867","targetHints":{"allow":["GET"]}}],"collection":[{"href":"https:\/\/xn--uascoquetas-1db.co\/index.php?rest_route=\/wp\/v2\/product"}],"about":[{"href":"https:\/\/xn--uascoquetas-1db.co\/index.php?rest_route=\/wp\/v2\/types\/product"}],"replies":[{"embeddable":true,"href":"https:\/\/xn--uascoquetas-1db.co\/index.php?rest_route=%2Fwp%2Fv2%2Fcomments&post=7867"}],"wp:featuredmedia":[{"embeddable":true,"href":"https:\/\/xn--uascoquetas-1db.co\/index.php?rest_route=\/wp\/v2\/media\/7868"}],"wp:attachment":[{"href":"https:\/\/xn--uascoquetas-1db.co\/index.php?rest_route=%2Fwp%2Fv2%2Fmedia&parent=7867"}],"wp:term":[{"taxonomy":"product_brand","embeddable":true,"href":"https:\/\/xn--uascoquetas-1db.co\/index.php?rest_route=%2Fwp%2Fv2%2Fproduct_brand&post=7867"},{"taxonomy":"product_cat","embeddable":true,"href":"https:\/\/xn--uascoquetas-1db.co\/index.php?rest_route=%2Fwp%2Fv2%2Fproduct_cat&post=7867"},{"taxonomy":"product_tag","embeddable":true,"href":"https:\/\/xn--uascoquetas-1db.co\/index.php?rest_route=%2Fwp%2Fv2%2Fproduct_tag&post=7867"}],"curies":[{"name":"wp","href":"https:\/\/api.w.org\/{rel}","templated":true}]}}