{"id":8094,"date":"2024-05-22T15:30:35","date_gmt":"2024-05-22T20:30:35","guid":{"rendered":"https:\/\/xn--uascoquetas-1db.co\/?post_type=product&#038;p=8094"},"modified":"2025-01-14T16:04:32","modified_gmt":"2025-01-14T21:04:32","slug":"bisturi-gatito-rosado","status":"publish","type":"product","link":"https:\/\/xn--uascoquetas-1db.co\/?product=bisturi-gatito-rosado","title":{"rendered":"Pincel corrector + 3 repuestos. &#8211; Pinceles"},"content":{"rendered":"<p>Un (1) L\u00e1piz Corrector especial para corregir los excesos sobre la cut\u00edcula y laterales al momento de maquillar o decorar tus u\u00f1as. Incluye tres (3) puntas de repuesto.<\/p>\n<h2>DESCRIPCI\u00d3N<\/h2>\n<p>Art\u00edculo completamente nuevo<\/p>\n<p>Material: Mango pl\u00e1stico, puntas de material absorbente.<br \/>\nTama\u00f1o: Aproximadamente 15 cm de longitud.<br \/>\nColor: Blanco con tapa verde o amarilla.<\/p>\n<p>\u00a1No tengas miedo de salirte! Con el l\u00e1piz corrector podr\u00e1s eliminar f\u00e1cilmente el exceso de esmalte de tus u\u00f1as, con precisi\u00f3n y c\u00f3modamente<\/p>\n","protected":false},"excerpt":{"rendered":"<table width=\"375\">\n<tbody>\n<tr>\n<td width=\"375\">Pinceles marca Extranjera Gen\u00e9rica, pincel corrector con tres repuestos.<\/td>\n<\/tr>\n<\/tbody>\n<\/table>\n","protected":false},"featured_media":8271,"comment_status":"open","ping_status":"closed","template":"","meta":{"_regular_price":["8000"],"currency_symbol":[],"_uag_custom_page_level_css":""},"product_brand":[],"product_cat":[47,32],"product_tag":[278],"class_list":{"0":"post-8094","1":"product","2":"type-product","3":"status-publish","4":"has-post-thumbnail","6":"product_cat-materiales","7":"product_cat-pinceles","8":"product_tag-herramientas-varias","9":"product_shipping_class-paquete-pequeno","10":"pa_color-amarillo","11":"pa_color-verde","13":"first","14":"instock","15":"product-type-variable"},"post_slider_layout_featured_media_urls":{"thumbnail":["https:\/\/xn--uascoquetas-1db.co\/wp-content\/uploads\/2024\/05\/Pincel-corrector-150x150.jpg",150,150,true],"post_slider_layout_landscape_large":["https:\/\/xn--uascoquetas-1db.co\/wp-content\/uploads\/2024\/05\/Pincel-corrector.jpg",800,800,false],"post_slider_layout_portrait_large":["https:\/\/xn--uascoquetas-1db.co\/wp-content\/uploads\/2024\/05\/Pincel-corrector.jpg",800,800,false],"post_slider_layout_square_large":["https:\/\/xn--uascoquetas-1db.co\/wp-content\/uploads\/2024\/05\/Pincel-corrector.jpg",800,800,false],"post_slider_layout_landscape":["https:\/\/xn--uascoquetas-1db.co\/wp-content\/uploads\/2024\/05\/Pincel-corrector.jpg",400,400,false],"post_slider_layout_portrait":["https:\/\/xn--uascoquetas-1db.co\/wp-content\/uploads\/2024\/05\/Pincel-corrector.jpg",600,600,false],"post_slider_layout_square":["https:\/\/xn--uascoquetas-1db.co\/wp-content\/uploads\/2024\/05\/Pincel-corrector.jpg",600,600,false],"full":["https:\/\/xn--uascoquetas-1db.co\/wp-content\/uploads\/2024\/05\/Pincel-corrector.jpg",800,800,false]},"uagb_featured_image_src":{"full":["https:\/\/xn--uascoquetas-1db.co\/wp-content\/uploads\/2024\/05\/Pincel-corrector.jpg",800,800,false],"thumbnail":["https:\/\/xn--uascoquetas-1db.co\/wp-content\/uploads\/2024\/05\/Pincel-corrector-150x150.jpg",150,150,true],"medium":["https:\/\/xn--uascoquetas-1db.co\/wp-content\/uploads\/2024\/05\/Pincel-corrector-300x300.jpg",300,300,true],"medium_large":["https:\/\/xn--uascoquetas-1db.co\/wp-content\/uploads\/2024\/05\/Pincel-corrector-768x768.jpg",640,640,true],"large":["https:\/\/xn--uascoquetas-1db.co\/wp-content\/uploads\/2024\/05\/Pincel-corrector.jpg",640,640,false],"1536x1536":["https:\/\/xn--uascoquetas-1db.co\/wp-content\/uploads\/2024\/05\/Pincel-corrector.jpg",800,800,false],"2048x2048":["https:\/\/xn--uascoquetas-1db.co\/wp-content\/uploads\/2024\/05\/Pincel-corrector.jpg",800,800,false],"post_slider_layout_landscape_large":["https:\/\/xn--uascoquetas-1db.co\/wp-content\/uploads\/2024\/05\/Pincel-corrector.jpg",800,800,false],"post_slider_layout_portrait_large":["https:\/\/xn--uascoquetas-1db.co\/wp-content\/uploads\/2024\/05\/Pincel-corrector.jpg",800,800,false],"post_slider_layout_square_large":["https:\/\/xn--uascoquetas-1db.co\/wp-content\/uploads\/2024\/05\/Pincel-corrector.jpg",800,800,false],"post_slider_layout_landscape":["https:\/\/xn--uascoquetas-1db.co\/wp-content\/uploads\/2024\/05\/Pincel-corrector.jpg",400,400,false],"post_slider_layout_portrait":["https:\/\/xn--uascoquetas-1db.co\/wp-content\/uploads\/2024\/05\/Pincel-corrector.jpg",600,600,false],"post_slider_layout_square":["https:\/\/xn--uascoquetas-1db.co\/wp-content\/uploads\/2024\/05\/Pincel-corrector.jpg",600,600,false],"vw-kids-homepage-thumb":["https:\/\/xn--uascoquetas-1db.co\/wp-content\/uploads\/2024\/05\/Pincel-corrector.jpg",145,145,false],"woocommerce_thumbnail":["https:\/\/xn--uascoquetas-1db.co\/wp-content\/uploads\/2024\/05\/Pincel-corrector-300x300.jpg",300,300,true],"woocommerce_single":["https:\/\/xn--uascoquetas-1db.co\/wp-content\/uploads\/2024\/05\/Pincel-corrector-600x600.jpg",600,600,true],"woocommerce_gallery_thumbnail":["https:\/\/xn--uascoquetas-1db.co\/wp-content\/uploads\/2024\/05\/Pincel-corrector-100x100.jpg",100,100,true],"variation_swatches_image_size":["https:\/\/xn--uascoquetas-1db.co\/wp-content\/uploads\/2024\/05\/Pincel-corrector-50x50.jpg",50,50,true],"variation_swatches_tooltip_size":["https:\/\/xn--uascoquetas-1db.co\/wp-content\/uploads\/2024\/05\/Pincel-corrector-100x100.jpg",100,100,true]},"uagb_author_info":{"display_name":"U\u00f1as Coquetas","author_link":"https:\/\/xn--uascoquetas-1db.co\/?author=0"},"uagb_comment_info":0,"uagb_excerpt":"Pinceles marca Extranjera Gen\u00e9rica, pincel corrector con tres repuestos.","jetpack_sharing_enabled":true,"jetpack-related-posts":[{"id":5746,"url":"https:\/\/xn--uascoquetas-1db.co\/?product=set-de-tres-pinceles-acrilicos-linner-pinceles","url_meta":{"origin":8094,"position":0},"title":"Set de tres pinceles acr\u00edlicos + linner &#8211; Pinceles","author":"U\u00f1as Coquetas","date":"02\/10\/2023","format":false,"excerpt":"Pinceles marca Extranjera Gen\u00e9rica, pinceles para delinear y t\u00e9cnicas especiales","rel":"","context":"Entrada similar","block_context":{"text":"Entrada similar","link":""},"img":{"alt_text":"Set 3 pinceles","src":"https:\/\/i0.wp.com\/xn--uascoquetas-1db.co\/wp-content\/uploads\/2023\/10\/Linner-acrilicos-800x800_Mesa-de-trabajo-1.jpg?resize=350%2C200&ssl=1","width":350,"height":200,"srcset":"https:\/\/i0.wp.com\/xn--uascoquetas-1db.co\/wp-content\/uploads\/2023\/10\/Linner-acrilicos-800x800_Mesa-de-trabajo-1.jpg?resize=350%2C200&ssl=1 1x, https:\/\/i0.wp.com\/xn--uascoquetas-1db.co\/wp-content\/uploads\/2023\/10\/Linner-acrilicos-800x800_Mesa-de-trabajo-1.jpg?resize=525%2C300&ssl=1 1.5x, https:\/\/i0.wp.com\/xn--uascoquetas-1db.co\/wp-content\/uploads\/2023\/10\/Linner-acrilicos-800x800_Mesa-de-trabajo-1.jpg?resize=700%2C400&ssl=1 2x"},"classes":[]},{"id":6738,"url":"https:\/\/xn--uascoquetas-1db.co\/?product=set-3-unidades-linner-holografico-de-7-9-y-13-mm-pinceles","url_meta":{"origin":8094,"position":1},"title":"Set 3 unidades linner hologr\u00e1fico de 7 , 9 y 13 mm &#8211; Pinceles","author":"U\u00f1as Coquetas","date":"17\/11\/2023","format":false,"excerpt":"Pinceles marca Extranjera Gen\u00e9rica, set de pinceles para delinear","rel":"","context":"Entrada similar","block_context":{"text":"Entrada similar","link":""},"img":{"alt_text":"160. Pinceles holo","src":"https:\/\/i0.wp.com\/xn--uascoquetas-1db.co\/wp-content\/uploads\/2023\/11\/Pincel-holo-x-3-800px_Mesa-de-trabajo-1.jpg?resize=350%2C200&ssl=1","width":350,"height":200,"srcset":"https:\/\/i0.wp.com\/xn--uascoquetas-1db.co\/wp-content\/uploads\/2023\/11\/Pincel-holo-x-3-800px_Mesa-de-trabajo-1.jpg?resize=350%2C200&ssl=1 1x, https:\/\/i0.wp.com\/xn--uascoquetas-1db.co\/wp-content\/uploads\/2023\/11\/Pincel-holo-x-3-800px_Mesa-de-trabajo-1.jpg?resize=525%2C300&ssl=1 1.5x, https:\/\/i0.wp.com\/xn--uascoquetas-1db.co\/wp-content\/uploads\/2023\/11\/Pincel-holo-x-3-800px_Mesa-de-trabajo-1.jpg?resize=700%2C400&ssl=1 2x"},"classes":[]},{"id":6741,"url":"https:\/\/xn--uascoquetas-1db.co\/?product=set-3-unidades-linner-grueso-7-9-y-13-mm-pinceles","url_meta":{"origin":8094,"position":2},"title":"Set 3 unidades cerda gruesa, 7 , 9 y 13 mm &#8211; Pinceles","author":"U\u00f1as Coquetas","date":"17\/11\/2023","format":false,"excerpt":"Pinceles marca Extranjera Gen\u00e9rica, set de pinceles para difuminados y reversa.","rel":"","context":"Entrada similar","block_context":{"text":"Entrada similar","link":""},"img":{"alt_text":"159. set pinceles","src":"https:\/\/i0.wp.com\/xn--uascoquetas-1db.co\/wp-content\/uploads\/2023\/11\/159.-Set-x-3-800-px_Mesa-de-trabajo-1.jpg?resize=350%2C200&ssl=1","width":350,"height":200,"srcset":"https:\/\/i0.wp.com\/xn--uascoquetas-1db.co\/wp-content\/uploads\/2023\/11\/159.-Set-x-3-800-px_Mesa-de-trabajo-1.jpg?resize=350%2C200&ssl=1 1x, https:\/\/i0.wp.com\/xn--uascoquetas-1db.co\/wp-content\/uploads\/2023\/11\/159.-Set-x-3-800-px_Mesa-de-trabajo-1.jpg?resize=525%2C300&ssl=1 1.5x, https:\/\/i0.wp.com\/xn--uascoquetas-1db.co\/wp-content\/uploads\/2023\/11\/159.-Set-x-3-800-px_Mesa-de-trabajo-1.jpg?resize=700%2C400&ssl=1 2x"},"classes":[]},{"id":9656,"url":"https:\/\/xn--uascoquetas-1db.co\/?product=sirena-x3-7-9-11-mm-pinceles-linner","url_meta":{"origin":8094,"position":3},"title":"Sirena x3 7-9-11 mm &#8211; Pinceles linner","author":"U\u00f1as Coquetas","date":"16\/01\/2025","format":false,"excerpt":"Pinceles linner marca Extranjera Gen\u00e9rica, pinceles linner para delinear, hacer l\u00edneas delgadas.","rel":"","context":"Entrada similar","block_context":{"text":"Entrada similar","link":""},"img":{"alt_text":"","src":"https:\/\/i0.wp.com\/xn--uascoquetas-1db.co\/wp-content\/uploads\/2025\/01\/Portada-sirena.png?resize=350%2C200&ssl=1","width":350,"height":200,"srcset":"https:\/\/i0.wp.com\/xn--uascoquetas-1db.co\/wp-content\/uploads\/2025\/01\/Portada-sirena.png?resize=350%2C200&ssl=1 1x, https:\/\/i0.wp.com\/xn--uascoquetas-1db.co\/wp-content\/uploads\/2025\/01\/Portada-sirena.png?resize=525%2C300&ssl=1 1.5x, https:\/\/i0.wp.com\/xn--uascoquetas-1db.co\/wp-content\/uploads\/2025\/01\/Portada-sirena.png?resize=700%2C400&ssl=1 2x"},"classes":[]},{"id":7223,"url":"https:\/\/xn--uascoquetas-1db.co\/?product=set-de-6-pinceles-acrilicos-mago-rosado-pinceles","url_meta":{"origin":8094,"position":4},"title":"Set de 6 pinceles acr\u00edlicos &#8211; mago rosado &#8211; Pinceles","author":"U\u00f1as Coquetas","date":"18\/01\/2024","format":false,"excerpt":"Pinceles marca Extranjera Gen\u00e9rica, pinceles para t\u00e9cnicas de extensi\u00f3n de u\u00f1as.","rel":"","context":"Entrada similar","block_context":{"text":"Entrada similar","link":""},"img":{"alt_text":"Set de 6 pinceles acr\u00edlicos - mago rosado","src":"https:\/\/i0.wp.com\/xn--uascoquetas-1db.co\/wp-content\/uploads\/2024\/01\/Acrilicos-rosa_800-PX.jpg?resize=350%2C200&ssl=1","width":350,"height":200,"srcset":"https:\/\/i0.wp.com\/xn--uascoquetas-1db.co\/wp-content\/uploads\/2024\/01\/Acrilicos-rosa_800-PX.jpg?resize=350%2C200&ssl=1 1x, https:\/\/i0.wp.com\/xn--uascoquetas-1db.co\/wp-content\/uploads\/2024\/01\/Acrilicos-rosa_800-PX.jpg?resize=525%2C300&ssl=1 1.5x, https:\/\/i0.wp.com\/xn--uascoquetas-1db.co\/wp-content\/uploads\/2024\/01\/Acrilicos-rosa_800-PX.jpg?resize=700%2C400&ssl=1 2x"},"classes":[]},{"id":6734,"url":"https:\/\/xn--uascoquetas-1db.co\/?product=pincel-000-mango-de-madera-pinceles","url_meta":{"origin":8094,"position":5},"title":"Pincel 000 mango de madera &#8211; Pinceles","author":"U\u00f1as Coquetas","date":"17\/11\/2023","format":false,"excerpt":"Pinceles marca Extranjera Gen\u00e9rica, pincel para acuarelas y difuminados.","rel":"","context":"Entrada similar","block_context":{"text":"Entrada similar","link":""},"img":{"alt_text":"161. Pincel 000","src":"https:\/\/i0.wp.com\/xn--uascoquetas-1db.co\/wp-content\/uploads\/2023\/11\/Pincel-000-800x800_Mesa-de-trabajo-1.jpg?resize=350%2C200&ssl=1","width":350,"height":200,"srcset":"https:\/\/i0.wp.com\/xn--uascoquetas-1db.co\/wp-content\/uploads\/2023\/11\/Pincel-000-800x800_Mesa-de-trabajo-1.jpg?resize=350%2C200&ssl=1 1x, https:\/\/i0.wp.com\/xn--uascoquetas-1db.co\/wp-content\/uploads\/2023\/11\/Pincel-000-800x800_Mesa-de-trabajo-1.jpg?resize=525%2C300&ssl=1 1.5x, https:\/\/i0.wp.com\/xn--uascoquetas-1db.co\/wp-content\/uploads\/2023\/11\/Pincel-000-800x800_Mesa-de-trabajo-1.jpg?resize=700%2C400&ssl=1 2x"},"classes":[]}],"_links":{"self":[{"href":"https:\/\/xn--uascoquetas-1db.co\/index.php?rest_route=\/wp\/v2\/product\/8094","targetHints":{"allow":["GET"]}}],"collection":[{"href":"https:\/\/xn--uascoquetas-1db.co\/index.php?rest_route=\/wp\/v2\/product"}],"about":[{"href":"https:\/\/xn--uascoquetas-1db.co\/index.php?rest_route=\/wp\/v2\/types\/product"}],"replies":[{"embeddable":true,"href":"https:\/\/xn--uascoquetas-1db.co\/index.php?rest_route=%2Fwp%2Fv2%2Fcomments&post=8094"}],"wp:featuredmedia":[{"embeddable":true,"href":"https:\/\/xn--uascoquetas-1db.co\/index.php?rest_route=\/wp\/v2\/media\/8271"}],"wp:attachment":[{"href":"https:\/\/xn--uascoquetas-1db.co\/index.php?rest_route=%2Fwp%2Fv2%2Fmedia&parent=8094"}],"wp:term":[{"taxonomy":"product_brand","embeddable":true,"href":"https:\/\/xn--uascoquetas-1db.co\/index.php?rest_route=%2Fwp%2Fv2%2Fproduct_brand&post=8094"},{"taxonomy":"product_cat","embeddable":true,"href":"https:\/\/xn--uascoquetas-1db.co\/index.php?rest_route=%2Fwp%2Fv2%2Fproduct_cat&post=8094"},{"taxonomy":"product_tag","embeddable":true,"href":"https:\/\/xn--uascoquetas-1db.co\/index.php?rest_route=%2Fwp%2Fv2%2Fproduct_tag&post=8094"}],"curies":[{"name":"wp","href":"https:\/\/api.w.org\/{rel}","templated":true}]}}