{"id":9034,"date":"2024-10-08T15:40:08","date_gmt":"2024-10-08T20:40:08","guid":{"rendered":"https:\/\/xn--uascoquetas-1db.co\/?post_type=product&#038;p=9034"},"modified":"2024-10-08T15:41:42","modified_gmt":"2024-10-08T20:41:42","slug":"a-012-tatoo-flowers-placa-metalica-gmi","status":"publish","type":"product","link":"https:\/\/xn--uascoquetas-1db.co\/?product=a-012-tatoo-flowers-placa-metalica-gmi","title":{"rendered":"A-012 Tatoo Flowers &#8211; Placa met\u00e1lica &#8211; GMI"},"content":{"rendered":"<p>Placa rectangular met\u00e1lica con motivos variados.<\/p>\n<h2>DESCRIPCI\u00d3N<\/h2>\n<p>Art\u00edculo completamente nuevo<\/p>\n<p>Una placa Rectangular<br \/>\nTama\u00f1o: 14,5 X 10 cm Aproximadamente<br \/>\nMaterial: Acero inoxidable con tapa base de pl\u00e1stico firmemente adherida.<\/p>\n<p>Grabado fino. Fabricada con materiales de la m\u00e1s alta calidad, con alta resoluci\u00f3n y no batallar\u00e1s con pelusas al limpiarlas.<\/p>\n<p>El producto est\u00e1 protegido por derechos de autor. Est\u00e1 prohibido reproducir, replicar o clonar los dise\u00f1os.<\/p>\n<h2>RECOMENDACIONES<\/h2>\n<p>Es posible aplicar removedor. Si es muy grasoso, limpiar con un poco de alcohol para recoger el dise\u00f1o con mayor facilidad.<\/p>\n","protected":false},"excerpt":{"rendered":"<table width=\"375\">\n<tbody>\n<tr>\n<td width=\"375\">Placa met\u00e1lica para estampar u\u00f1as, marca Mexicana GMI con hermosas figuras de geom\u00e9tricas, cuadros, c\u00edrculos y flores , figuras grandes para manicuristas.<\/td>\n<\/tr>\n<\/tbody>\n<\/table>\n","protected":false},"featured_media":9036,"comment_status":"open","ping_status":"closed","template":"","meta":{"_regular_price":["44200"],"currency_symbol":[],"_uag_custom_page_level_css":""},"product_brand":[],"product_cat":[381,24],"product_tag":[137,122,39,134,41],"class_list":{"0":"post-9034","1":"product","2":"type-product","3":"status-publish","4":"has-post-thumbnail","6":"product_cat-gmi","7":"product_cat-placas-de-estampar","8":"product_tag-flores","9":"product_tag-geometria","10":"product_tag-metalico","11":"product_tag-placas","12":"product_tag-stamping","13":"product_shipping_class-paquete-pequeno","15":"first","16":"instock","17":"purchasable","18":"product-type-simple"},"post_slider_layout_featured_media_urls":{"thumbnail":["https:\/\/xn--uascoquetas-1db.co\/wp-content\/uploads\/2024\/10\/GMI-A-012-TATOO-FLOWERS-150x150.png",150,150,true],"post_slider_layout_landscape_large":["https:\/\/xn--uascoquetas-1db.co\/wp-content\/uploads\/2024\/10\/GMI-A-012-TATOO-FLOWERS.png",800,800,false],"post_slider_layout_portrait_large":["https:\/\/xn--uascoquetas-1db.co\/wp-content\/uploads\/2024\/10\/GMI-A-012-TATOO-FLOWERS.png",800,800,false],"post_slider_layout_square_large":["https:\/\/xn--uascoquetas-1db.co\/wp-content\/uploads\/2024\/10\/GMI-A-012-TATOO-FLOWERS.png",800,800,false],"post_slider_layout_landscape":["https:\/\/xn--uascoquetas-1db.co\/wp-content\/uploads\/2024\/10\/GMI-A-012-TATOO-FLOWERS.png",400,400,false],"post_slider_layout_portrait":["https:\/\/xn--uascoquetas-1db.co\/wp-content\/uploads\/2024\/10\/GMI-A-012-TATOO-FLOWERS.png",600,600,false],"post_slider_layout_square":["https:\/\/xn--uascoquetas-1db.co\/wp-content\/uploads\/2024\/10\/GMI-A-012-TATOO-FLOWERS.png",600,600,false],"full":["https:\/\/xn--uascoquetas-1db.co\/wp-content\/uploads\/2024\/10\/GMI-A-012-TATOO-FLOWERS.png",800,800,false]},"uagb_featured_image_src":{"full":["https:\/\/xn--uascoquetas-1db.co\/wp-content\/uploads\/2024\/10\/GMI-A-012-TATOO-FLOWERS.png",800,800,false],"thumbnail":["https:\/\/xn--uascoquetas-1db.co\/wp-content\/uploads\/2024\/10\/GMI-A-012-TATOO-FLOWERS-150x150.png",150,150,true],"medium":["https:\/\/xn--uascoquetas-1db.co\/wp-content\/uploads\/2024\/10\/GMI-A-012-TATOO-FLOWERS-300x300.png",300,300,true],"medium_large":["https:\/\/xn--uascoquetas-1db.co\/wp-content\/uploads\/2024\/10\/GMI-A-012-TATOO-FLOWERS-768x768.png",640,640,true],"large":["https:\/\/xn--uascoquetas-1db.co\/wp-content\/uploads\/2024\/10\/GMI-A-012-TATOO-FLOWERS.png",640,640,false],"1536x1536":["https:\/\/xn--uascoquetas-1db.co\/wp-content\/uploads\/2024\/10\/GMI-A-012-TATOO-FLOWERS.png",800,800,false],"2048x2048":["https:\/\/xn--uascoquetas-1db.co\/wp-content\/uploads\/2024\/10\/GMI-A-012-TATOO-FLOWERS.png",800,800,false],"post_slider_layout_landscape_large":["https:\/\/xn--uascoquetas-1db.co\/wp-content\/uploads\/2024\/10\/GMI-A-012-TATOO-FLOWERS.png",800,800,false],"post_slider_layout_portrait_large":["https:\/\/xn--uascoquetas-1db.co\/wp-content\/uploads\/2024\/10\/GMI-A-012-TATOO-FLOWERS.png",800,800,false],"post_slider_layout_square_large":["https:\/\/xn--uascoquetas-1db.co\/wp-content\/uploads\/2024\/10\/GMI-A-012-TATOO-FLOWERS.png",800,800,false],"post_slider_layout_landscape":["https:\/\/xn--uascoquetas-1db.co\/wp-content\/uploads\/2024\/10\/GMI-A-012-TATOO-FLOWERS.png",400,400,false],"post_slider_layout_portrait":["https:\/\/xn--uascoquetas-1db.co\/wp-content\/uploads\/2024\/10\/GMI-A-012-TATOO-FLOWERS.png",600,600,false],"post_slider_layout_square":["https:\/\/xn--uascoquetas-1db.co\/wp-content\/uploads\/2024\/10\/GMI-A-012-TATOO-FLOWERS.png",600,600,false],"vw-kids-homepage-thumb":["https:\/\/xn--uascoquetas-1db.co\/wp-content\/uploads\/2024\/10\/GMI-A-012-TATOO-FLOWERS.png",145,145,false],"woocommerce_thumbnail":["https:\/\/xn--uascoquetas-1db.co\/wp-content\/uploads\/2024\/10\/GMI-A-012-TATOO-FLOWERS-300x300.png",300,300,true],"woocommerce_single":["https:\/\/xn--uascoquetas-1db.co\/wp-content\/uploads\/2024\/10\/GMI-A-012-TATOO-FLOWERS-600x600.png",600,600,true],"woocommerce_gallery_thumbnail":["https:\/\/xn--uascoquetas-1db.co\/wp-content\/uploads\/2024\/10\/GMI-A-012-TATOO-FLOWERS-100x100.png",100,100,true],"variation_swatches_image_size":["https:\/\/xn--uascoquetas-1db.co\/wp-content\/uploads\/2024\/10\/GMI-A-012-TATOO-FLOWERS-50x50.png",50,50,true],"variation_swatches_tooltip_size":["https:\/\/xn--uascoquetas-1db.co\/wp-content\/uploads\/2024\/10\/GMI-A-012-TATOO-FLOWERS-100x100.png",100,100,true]},"uagb_author_info":{"display_name":"U\u00f1as Coquetas","author_link":"https:\/\/xn--uascoquetas-1db.co\/?author=0"},"uagb_comment_info":0,"uagb_excerpt":"Placa met\u00e1lica para estampar u\u00f1as, marca Mexicana GMI con hermosas figuras de geom\u00e9tricas, cuadros, c\u00edrculos y flores , figuras grandes para manicuristas.","jetpack_sharing_enabled":true,"jetpack-related-posts":[{"id":9138,"url":"https:\/\/xn--uascoquetas-1db.co\/?product=a-049-luxury-placa-metalica-gmi","url_meta":{"origin":9034,"position":0},"title":"A-049 Luxury &#8211; Placa met\u00e1lica &#8211; GMI","author":"U\u00f1as Coquetas","date":"08\/10\/2024","format":false,"excerpt":"Placa met\u00e1lica para estampar u\u00f1as, marca Mexicana GMI con hermosas figuras de diamantes, arabescos, figuras de lujo, figuras grandes para manicuristas.","rel":"","context":"Entrada similar","block_context":{"text":"Entrada similar","link":""},"img":{"alt_text":"","src":"https:\/\/i0.wp.com\/xn--uascoquetas-1db.co\/wp-content\/uploads\/2024\/10\/Luxury-800px.png?resize=350%2C200&ssl=1","width":350,"height":200,"srcset":"https:\/\/i0.wp.com\/xn--uascoquetas-1db.co\/wp-content\/uploads\/2024\/10\/Luxury-800px.png?resize=350%2C200&ssl=1 1x, https:\/\/i0.wp.com\/xn--uascoquetas-1db.co\/wp-content\/uploads\/2024\/10\/Luxury-800px.png?resize=525%2C300&ssl=1 1.5x, https:\/\/i0.wp.com\/xn--uascoquetas-1db.co\/wp-content\/uploads\/2024\/10\/Luxury-800px.png?resize=700%2C400&ssl=1 2x"},"classes":[]},{"id":9123,"url":"https:\/\/xn--uascoquetas-1db.co\/?product=a-044-textomania-placa-metalica-gmi","url_meta":{"origin":9034,"position":1},"title":"A-044 Textomania &#8211; Placa met\u00e1lica &#8211; GMI","author":"U\u00f1as Coquetas","date":"08\/10\/2024","format":false,"excerpt":"Placa met\u00e1lica para estampar u\u00f1as, marca Mexicana GMI con hermosas figuras de mensajes, letras , figuras grandes para manicuristas.","rel":"","context":"Entrada similar","block_context":{"text":"Entrada similar","link":""},"img":{"alt_text":"A-044 Textomania","src":"https:\/\/i0.wp.com\/xn--uascoquetas-1db.co\/wp-content\/uploads\/2024\/10\/GMI-A-044-TEXTOMANIA.jpeg?resize=350%2C200&ssl=1","width":350,"height":200,"srcset":"https:\/\/i0.wp.com\/xn--uascoquetas-1db.co\/wp-content\/uploads\/2024\/10\/GMI-A-044-TEXTOMANIA.jpeg?resize=350%2C200&ssl=1 1x, https:\/\/i0.wp.com\/xn--uascoquetas-1db.co\/wp-content\/uploads\/2024\/10\/GMI-A-044-TEXTOMANIA.jpeg?resize=525%2C300&ssl=1 1.5x, https:\/\/i0.wp.com\/xn--uascoquetas-1db.co\/wp-content\/uploads\/2024\/10\/GMI-A-044-TEXTOMANIA.jpeg?resize=700%2C400&ssl=1 2x"},"classes":[]},{"id":9129,"url":"https:\/\/xn--uascoquetas-1db.co\/?product=a-046-huesitos-placa-metalica-gmi","url_meta":{"origin":9034,"position":2},"title":"A-046 Huesitos &#8211; Placa met\u00e1lica &#8211; GMI","author":"U\u00f1as Coquetas","date":"08\/10\/2024","format":false,"excerpt":"Placa met\u00e1lica para estampar u\u00f1as, marca Mexicana GMI con hermosas figuras de halloween, huesos, calaveras, figuras grandes para manicuristas.","rel":"","context":"Entrada similar","block_context":{"text":"Entrada similar","link":""},"img":{"alt_text":"A-046 Huesitos","src":"https:\/\/i0.wp.com\/xn--uascoquetas-1db.co\/wp-content\/uploads\/2024\/10\/GMI-A-046-HUESITOS.png?resize=350%2C200&ssl=1","width":350,"height":200,"srcset":"https:\/\/i0.wp.com\/xn--uascoquetas-1db.co\/wp-content\/uploads\/2024\/10\/GMI-A-046-HUESITOS.png?resize=350%2C200&ssl=1 1x, https:\/\/i0.wp.com\/xn--uascoquetas-1db.co\/wp-content\/uploads\/2024\/10\/GMI-A-046-HUESITOS.png?resize=525%2C300&ssl=1 1.5x, https:\/\/i0.wp.com\/xn--uascoquetas-1db.co\/wp-content\/uploads\/2024\/10\/GMI-A-046-HUESITOS.png?resize=700%2C400&ssl=1 2x"},"classes":[]},{"id":9141,"url":"https:\/\/xn--uascoquetas-1db.co\/?product=a-050-rodeo-placa-metalica-gmi","url_meta":{"origin":9034,"position":3},"title":"A-050 Rodeo &#8211; Placa met\u00e1lica &#8211; GMI","author":"U\u00f1as Coquetas","date":"08\/10\/2024","format":false,"excerpt":"Placa met\u00e1lica para estampar u\u00f1as, marca Mexicana GMI con hermosas figuras de viejo oeste, siluetas, vaqueros, figuras grandes para manicuristas.","rel":"","context":"Entrada similar","block_context":{"text":"Entrada similar","link":""},"img":{"alt_text":"","src":"https:\/\/i0.wp.com\/xn--uascoquetas-1db.co\/wp-content\/uploads\/2024\/10\/GMI-A-050-RODEO.png?resize=350%2C200&ssl=1","width":350,"height":200,"srcset":"https:\/\/i0.wp.com\/xn--uascoquetas-1db.co\/wp-content\/uploads\/2024\/10\/GMI-A-050-RODEO.png?resize=350%2C200&ssl=1 1x, https:\/\/i0.wp.com\/xn--uascoquetas-1db.co\/wp-content\/uploads\/2024\/10\/GMI-A-050-RODEO.png?resize=525%2C300&ssl=1 1.5x, https:\/\/i0.wp.com\/xn--uascoquetas-1db.co\/wp-content\/uploads\/2024\/10\/GMI-A-050-RODEO.png?resize=700%2C400&ssl=1 2x"},"classes":[]},{"id":9175,"url":"https:\/\/xn--uascoquetas-1db.co\/?product=a-065-geometric-placa-metalica-gmi","url_meta":{"origin":9034,"position":4},"title":"A-065 Geometric &#8211; Placa met\u00e1lica &#8211; GMI","author":"U\u00f1as Coquetas","date":"08\/10\/2024","format":false,"excerpt":"Placa met\u00e1lica para estampar u\u00f1as, marca Mexicana GMI con hermosas figuras de animales origami geom\u00e9tricos, figuras grandes para manicuristas.","rel":"","context":"Entrada similar","block_context":{"text":"Entrada similar","link":""},"img":{"alt_text":"A-065 Geometric","src":"https:\/\/i0.wp.com\/xn--uascoquetas-1db.co\/wp-content\/uploads\/2024\/10\/GMI-A-065-GEOMETRIC.png?resize=350%2C200&ssl=1","width":350,"height":200,"srcset":"https:\/\/i0.wp.com\/xn--uascoquetas-1db.co\/wp-content\/uploads\/2024\/10\/GMI-A-065-GEOMETRIC.png?resize=350%2C200&ssl=1 1x, https:\/\/i0.wp.com\/xn--uascoquetas-1db.co\/wp-content\/uploads\/2024\/10\/GMI-A-065-GEOMETRIC.png?resize=525%2C300&ssl=1 1.5x, https:\/\/i0.wp.com\/xn--uascoquetas-1db.co\/wp-content\/uploads\/2024\/10\/GMI-A-065-GEOMETRIC.png?resize=700%2C400&ssl=1 2x"},"classes":[]},{"id":9169,"url":"https:\/\/xn--uascoquetas-1db.co\/?product=a-061-texture-placa-metalica-gmi","url_meta":{"origin":9034,"position":5},"title":"A-061 Texture &#8211; Placa met\u00e1lica &#8211; GMI","author":"U\u00f1as Coquetas","date":"08\/10\/2024","format":false,"excerpt":"Placa met\u00e1lica para estampar u\u00f1as, marca Mexicana GMI con hermosas figuras de texturas variadas, figuras grandes para manicuristas.","rel":"","context":"Entrada similar","block_context":{"text":"Entrada similar","link":""},"img":{"alt_text":"A-061 Texture","src":"https:\/\/i0.wp.com\/xn--uascoquetas-1db.co\/wp-content\/uploads\/2024\/10\/GMI-A-061-TEXTURE.png?resize=350%2C200&ssl=1","width":350,"height":200,"srcset":"https:\/\/i0.wp.com\/xn--uascoquetas-1db.co\/wp-content\/uploads\/2024\/10\/GMI-A-061-TEXTURE.png?resize=350%2C200&ssl=1 1x, https:\/\/i0.wp.com\/xn--uascoquetas-1db.co\/wp-content\/uploads\/2024\/10\/GMI-A-061-TEXTURE.png?resize=525%2C300&ssl=1 1.5x, https:\/\/i0.wp.com\/xn--uascoquetas-1db.co\/wp-content\/uploads\/2024\/10\/GMI-A-061-TEXTURE.png?resize=700%2C400&ssl=1 2x"},"classes":[]}],"_links":{"self":[{"href":"https:\/\/xn--uascoquetas-1db.co\/index.php?rest_route=\/wp\/v2\/product\/9034","targetHints":{"allow":["GET"]}}],"collection":[{"href":"https:\/\/xn--uascoquetas-1db.co\/index.php?rest_route=\/wp\/v2\/product"}],"about":[{"href":"https:\/\/xn--uascoquetas-1db.co\/index.php?rest_route=\/wp\/v2\/types\/product"}],"replies":[{"embeddable":true,"href":"https:\/\/xn--uascoquetas-1db.co\/index.php?rest_route=%2Fwp%2Fv2%2Fcomments&post=9034"}],"wp:featuredmedia":[{"embeddable":true,"href":"https:\/\/xn--uascoquetas-1db.co\/index.php?rest_route=\/wp\/v2\/media\/9036"}],"wp:attachment":[{"href":"https:\/\/xn--uascoquetas-1db.co\/index.php?rest_route=%2Fwp%2Fv2%2Fmedia&parent=9034"}],"wp:term":[{"taxonomy":"product_brand","embeddable":true,"href":"https:\/\/xn--uascoquetas-1db.co\/index.php?rest_route=%2Fwp%2Fv2%2Fproduct_brand&post=9034"},{"taxonomy":"product_cat","embeddable":true,"href":"https:\/\/xn--uascoquetas-1db.co\/index.php?rest_route=%2Fwp%2Fv2%2Fproduct_cat&post=9034"},{"taxonomy":"product_tag","embeddable":true,"href":"https:\/\/xn--uascoquetas-1db.co\/index.php?rest_route=%2Fwp%2Fv2%2Fproduct_tag&post=9034"}],"curies":[{"name":"wp","href":"https:\/\/api.w.org\/{rel}","templated":true}]}}